{"id":3362,"date":"2026-02-27T11:41:06","date_gmt":"2026-02-27T10:41:06","guid":{"rendered":"https:\/\/aifec.eu\/congreso2026\/?page_id=3362"},"modified":"2026-02-27T12:15:35","modified_gmt":"2026-02-27T11:15:35","slug":"fabrizio-decio","status":"publish","type":"page","link":"https:\/\/aifec.eu\/congreso2026\/fabrizio-decio\/","title":{"rendered":"Fabrizio Decio"},"content":{"rendered":"\t\t<div data-elementor-type=\"wp-page\" data-elementor-id=\"3362\" class=\"elementor elementor-3362\" data-elementor-settings=\"{&quot;ha_cmc_init_switcher&quot;:&quot;no&quot;}\">\n\t\t\t\t<div data-ka-cursor-size=\"1\" class=\"elementor-element elementor-element-2804506 e-flex e-con-boxed wpr-particle-no wpr-jarallax-no wpr-parallax-no wpr-sticky-section-no wpr-equal-height-no e-con e-parent\" data-id=\"2804506\" data-element_type=\"container\" data-e-type=\"container\" data-settings=\"{&quot;_ha_eqh_enable&quot;:false,&quot;kng_cursor_interaction&quot;:&quot;default&quot;,&quot;kng_cursor_magnetic&quot;:&quot;none&quot;,&quot;kng_cursor_size_multiplier&quot;:{&quot;unit&quot;:&quot;px&quot;,&quot;size&quot;:1,&quot;sizes&quot;:[]}}\">\n\t\t\t\t\t<div class=\"e-con-inner\">\n\t\t\t\t<div data-ka-cursor-size=\"1\" class=\"elementor-element elementor-element-ddb8095 elementor-widget elementor-widget-heading\" data-id=\"ddb8095\" data-element_type=\"widget\" data-e-type=\"widget\" data-settings=\"{&quot;kng_cursor_interaction&quot;:&quot;default&quot;,&quot;kng_cursor_magnetic&quot;:&quot;none&quot;,&quot;kng_cursor_size_multiplier&quot;:{&quot;unit&quot;:&quot;px&quot;,&quot;size&quot;:1,&quot;sizes&quot;:[]}}\" data-widget_type=\"heading.default\">\n\t\t\t\t<div class=\"elementor-widget-container\">\n\t\t\t\t\t<h2 class=\"elementor-heading-title elementor-size-default\">Fabrizio Decio<\/h2>\t\t\t\t<\/div>\n\t\t\t\t<\/div>\n\t\t\t\t\t<\/div>\n\t\t\t\t<\/div>\n\t\t<div data-ka-cursor-size=\"1\" class=\"elementor-element elementor-element-a9aadf2 e-flex e-con-boxed wpr-particle-no wpr-jarallax-no wpr-parallax-no wpr-sticky-section-no wpr-equal-height-no e-con e-parent\" data-id=\"a9aadf2\" data-element_type=\"container\" data-e-type=\"container\" data-settings=\"{&quot;_ha_eqh_enable&quot;:false,&quot;kng_cursor_interaction&quot;:&quot;default&quot;,&quot;kng_cursor_magnetic&quot;:&quot;none&quot;,&quot;kng_cursor_size_multiplier&quot;:{&quot;unit&quot;:&quot;px&quot;,&quot;size&quot;:1,&quot;sizes&quot;:[]}}\">\n\t\t\t\t\t<div class=\"e-con-inner\">\n\t\t\t\t<div data-ka-cursor-size=\"1\" class=\"elementor-element elementor-element-8e0ab99 elementor-widget elementor-widget-image\" data-id=\"8e0ab99\" data-element_type=\"widget\" data-e-type=\"widget\" data-settings=\"{&quot;kng_cursor_interaction&quot;:&quot;default&quot;,&quot;kng_cursor_magnetic&quot;:&quot;none&quot;,&quot;kng_cursor_size_multiplier&quot;:{&quot;unit&quot;:&quot;px&quot;,&quot;size&quot;:1,&quot;sizes&quot;:[]}}\" data-widget_type=\"image.default\">\n\t\t\t\t<div class=\"elementor-widget-container\">\n\t\t\t\t\t\t\t\t\t\t\t\t\t\t\t<img fetchpriority=\"high\" decoding=\"async\" width=\"480\" height=\"480\" src=\"https:\/\/aifec.eu\/congreso2026\/wp-content\/uploads\/2026\/02\/FabrizioDecio.png\" class=\"attachment-large size-large wp-image-3365\" alt=\"\" srcset=\"https:\/\/aifec.eu\/congreso2026\/wp-content\/uploads\/2026\/02\/FabrizioDecio.png 480w, https:\/\/aifec.eu\/congreso2026\/wp-content\/uploads\/2026\/02\/FabrizioDecio-300x300.png 300w, https:\/\/aifec.eu\/congreso2026\/wp-content\/uploads\/2026\/02\/FabrizioDecio-150x150.png 150w, https:\/\/aifec.eu\/congreso2026\/wp-content\/uploads\/2026\/02\/elementor\/thumbs\/FabrizioDecio-rjrn4isolu0l78wdny0xf93pr42r6m82hq8n0q3wyo.png 400w\" sizes=\"(max-width: 480px) 100vw, 480px\" \/>\t\t\t\t\t\t\t\t\t\t\t\t\t\t\t<\/div>\n\t\t\t\t<\/div>\n\t\t\t\t\t<\/div>\n\t\t\t\t<\/div>\n\t\t<div data-ka-cursor-size=\"1\" class=\"elementor-element elementor-element-2e1c87e e-flex e-con-boxed wpr-particle-no wpr-jarallax-no wpr-parallax-no wpr-sticky-section-no wpr-equal-height-no e-con e-parent\" data-id=\"2e1c87e\" data-element_type=\"container\" data-e-type=\"container\" data-settings=\"{&quot;_ha_eqh_enable&quot;:false,&quot;kng_cursor_interaction&quot;:&quot;default&quot;,&quot;kng_cursor_magnetic&quot;:&quot;none&quot;,&quot;kng_cursor_size_multiplier&quot;:{&quot;unit&quot;:&quot;px&quot;,&quot;size&quot;:1,&quot;sizes&quot;:[]}}\">\n\t\t\t\t\t<div class=\"e-con-inner\">\n\t\t\t\t<div data-ka-cursor-size=\"1\" class=\"elementor-element elementor-element-25b8bd0 elementor-widget elementor-widget-text-editor\" data-id=\"25b8bd0\" data-element_type=\"widget\" data-e-type=\"widget\" data-settings=\"{&quot;kng_cursor_interaction&quot;:&quot;default&quot;,&quot;kng_cursor_magnetic&quot;:&quot;none&quot;,&quot;kng_cursor_size_multiplier&quot;:{&quot;unit&quot;:&quot;px&quot;,&quot;size&quot;:1,&quot;sizes&quot;:[]}}\" data-widget_type=\"text-editor.default\">\n\t\t\t\t<div class=\"elementor-widget-container\">\n\t\t\t\t\t\t\t\t\t<p style=\"text-align: center;\">Fabrizio Decio se licenci\u00f3 en Ciencias del Deporte en la Universidad Cat\u00f3lica del Sacro Cuore de Mil\u00e1n.<br \/>En 2007 obtiene el t\u00edtulo de Professional Coach en la International School of Professional Coaching y en 2009 obtiene el m\u00e1ster. En 2008 obtiene el t\u00edtulo<br \/>de formador. Desde 1994 hasta 2001 es miembro de varios consejos de administraci\u00f3n y en 2001 funda su empresa, dedicada a la gesti\u00f3n de actividades comerciales de outsourcing para sectores de mercado y empresas espec\u00edficas.<br \/>Desde 2005 hasta 2008 es Responsable de Relaciones Externas para la Fundaci\u00f3n Italia-China, cuyo presidente era Cesare Romiti (ex presidente de<br \/>Fiat).\u00a0<\/p><p style=\"text-align: center;\">En 2010 ofrece sus servicios de consultor\u00eda en Espa\u00f1a para reorganizar, gracias al coaching, la actividad comercial.<br \/>En 2011 crea la ICU (International Coaching University) y en Italia es responsable del curso de nivel I, liderando la organizaci\u00f3n del curso y de la<br \/>certificaci\u00f3n con 200 estudiantes.<br \/>Desde 2011 es profesor en el Instituto del Deporte de M\u00e1laga como Sporting Master Coach.<br \/>Desde 2012 es responsable de los cursos de libre elecci\u00f3n del estudiante en Ciencias del Deporte en la Universidad Cat\u00f3lica de Mil\u00e1n.<br \/>En 2012 se convierte en vicepresidente de ICU y forma parte del consejo de administraci\u00f3n de varias empresas que reestructura aplicando el coaching<br \/>para la reorganizaci\u00f3n empresarial.<br \/>En marzo de 2012 abre Campus Italia como director de los programas ICU.<br \/>Desde 2013 es profesor en el m\u00e1ster en coaching de la escuela de negocios ESEM de Madrid.<br \/>Imparte conferencias de coaching con el modelo Wake Up Coaching en Italia y en el extranjero.<br \/>Desde 2014 es docente en la Universidad Cat\u00f3lica del Sacro Cuore de\u00a0<span style=\"font-style: inherit; font-weight: inherit;\">Mil\u00e1n.<\/span><\/p><p style=\"text-align: center;\">En los a\u00f1os 2014 y 2015 se pusieron en marcha cursos de Start Up Coaching<\/p><p style=\"text-align: center;\">Fabrizio Decio se licencio en Ciencias Deportivas en la Universidad Cattolica del Sacro Cuore en Milano .<br \/>En 2007 obtiene el titulo de Professional Coach en la International School of Professional Coaching y en 2009 obtiene el Master.<br \/>En 2008 obtiene la titulo de Formator.<br \/>Desde el 1994 hasta el 2001 es miembro de varios consejos de administracion y en 2001 funda su empresa dedicada al management de actividades comerciales Outsourcing para sectores de mercado y de empresas especificas.<br \/>Desde el 2005 hasta el 2008 es Responsable de las Relaciones Externas para la fundacion Italia Cina cuyo Presidente era Cesare Romiti (ex presidente de Fiat).<\/p><p style=\"text-align: center;\">Desde 2010, ofrece servicios de consultor\u00eda en Espa\u00f1a, centrados en la reorganizaci\u00f3n de la actividad comercial a trav\u00e9s del coaching.<\/p><p style=\"text-align: center;\">En 2011 funda la ICU (International Coaching University) y asume en Italia la responsabilidad del curso de Nivel I y del programa de certificaci\u00f3n, llegando a coordinar la formaci\u00f3n de m\u00e1s de 200 estudiantes. Ese mismo a\u00f1o comienza su labor docente como Sporting Master Coach en el Instituto del Deporte de M\u00e1laga.<\/p><p style=\"text-align: center;\">A partir de 2012, ampl\u00eda su actividad acad\u00e9mica como responsable de cursos optativos en Ciencias del Deporte en la\u00a0Universit\u00e0 Cattolica del Sacro Cuore\u00a0de Mil\u00e1n. Ese mismo a\u00f1o es nombrado Vicepresidente de ICU y participa en consejos de administraci\u00f3n de diversas empresas, liderando procesos de reorganizaci\u00f3n mediante la aplicaci\u00f3n del coaching. En marzo de 2012, inaugura Campus Italia como director de programas de ICU.<\/p><p style=\"text-align: center;\">Desde 2013, es profesor en el m\u00e1ster de coaching de la\u00a0ESEM Business School, y desarrolla una intensa actividad como conferenciante internacional con el modelo Wake Up Coaching.<\/p><p style=\"text-align: center;\">Desde 2014, ejerce como docente en la\u00a0Universit\u00e0 Cattolica del Sacro Cuore. Entre 2014 y 2015 impulsa adem\u00e1s programas de Start Up Coaching dirigidos a adolescentes y padres en el Instituto De Filippi de Varese.<\/p>\t\t\t\t\t\t\t\t<\/div>\n\t\t\t\t<\/div>\n\t\t\t\t\t<\/div>\n\t\t\t\t<\/div>\n\t\t\t\t<\/div>\n\t\t","protected":false},"excerpt":{"rendered":"<p>Fabrizio Decio Fabrizio Decio se licenci\u00f3 en Ciencias del Deporte en la Universidad Cat\u00f3lica del Sacro Cuore de Mil\u00e1n.En 2007 obtiene el t\u00edtulo de Professional Coach en la International School of Professional Coaching y en 2009 obtiene el m\u00e1ster. En 2008 obtiene el t\u00edtulode formador. Desde 1994 hasta 2001 es miembro de varios consejos de administraci\u00f3n y en 2001 funda su empresa, dedicada a la gesti\u00f3n de actividades comerciales de outsourcing para sectores de mercado y empresas espec\u00edficas.Desde 2005 hasta 2008 es Responsable de Relaciones Externas para la Fundaci\u00f3n Italia-China, cuyo presidente era Cesare Romiti (ex presidente deFiat).\u00a0 En 2010 ofrece sus servicios de consultor\u00eda en Espa\u00f1a para reorganizar, gracias al coaching, la actividad comercial.En 2011 crea la ICU (International Coaching University) y en Italia es responsable del curso de nivel I, liderando la organizaci\u00f3n del curso y de lacertificaci\u00f3n con 200 estudiantes.Desde 2011 es profesor en el Instituto del Deporte de M\u00e1laga como Sporting Master Coach.Desde 2012 es responsable de los cursos de libre elecci\u00f3n del estudiante en Ciencias del Deporte en la Universidad Cat\u00f3lica de Mil\u00e1n.En 2012 se convierte en vicepresidente de ICU y forma parte del consejo de administraci\u00f3n de varias empresas que reestructura aplicando el coachingpara la reorganizaci\u00f3n empresarial.En marzo de 2012 abre Campus Italia como director de los programas ICU.Desde 2013 es profesor en el m\u00e1ster en coaching de la escuela de negocios ESEM de Madrid.Imparte conferencias de coaching con el modelo Wake Up Coaching en Italia y en el extranjero.Desde 2014 es docente en la Universidad Cat\u00f3lica del Sacro Cuore de\u00a0Mil\u00e1n. En los a\u00f1os 2014 y 2015 se pusieron en marcha cursos de Start Up Coaching Fabrizio Decio se licencio en Ciencias Deportivas en la Universidad Cattolica del Sacro Cuore en Milano .En 2007 obtiene el titulo de Professional Coach en la International School of Professional Coaching y en 2009 obtiene el Master.En 2008 obtiene la titulo de Formator.Desde el 1994 hasta el 2001 es miembro de varios consejos de administracion y en 2001 funda su empresa dedicada al management de actividades comerciales Outsourcing para sectores de mercado y de empresas especificas.Desde el 2005 hasta el 2008 es Responsable de las Relaciones Externas para la fundacion Italia Cina cuyo Presidente era Cesare Romiti (ex presidente de Fiat). Desde 2010, ofrece servicios de consultor\u00eda en Espa\u00f1a, centrados en la reorganizaci\u00f3n de la actividad comercial a trav\u00e9s del coaching. En 2011 funda la ICU (International Coaching University) y asume en Italia la responsabilidad del curso de Nivel I y del programa de certificaci\u00f3n, llegando a coordinar la formaci\u00f3n de m\u00e1s de 200 estudiantes. Ese mismo a\u00f1o comienza su labor docente como Sporting Master Coach en el Instituto del Deporte de M\u00e1laga. A partir de 2012, ampl\u00eda su actividad acad\u00e9mica como responsable de cursos optativos en Ciencias del Deporte en la\u00a0Universit\u00e0 Cattolica del Sacro Cuore\u00a0de Mil\u00e1n. Ese mismo a\u00f1o es nombrado Vicepresidente de ICU y participa en consejos de administraci\u00f3n de diversas empresas, liderando procesos de reorganizaci\u00f3n mediante la aplicaci\u00f3n del coaching. En marzo de 2012, inaugura Campus Italia como director de programas de ICU. Desde 2013, es profesor en el m\u00e1ster de coaching de la\u00a0ESEM Business School, y desarrolla una intensa actividad como conferenciante internacional con el modelo Wake Up Coaching. Desde 2014, ejerce como docente en la\u00a0Universit\u00e0 Cattolica del Sacro Cuore. Entre 2014 y 2015 impulsa adem\u00e1s programas de Start Up Coaching dirigidos a adolescentes y padres en el Instituto De Filippi de Varese.<\/p>\n","protected":false},"author":1,"featured_media":0,"parent":0,"menu_order":0,"comment_status":"closed","ping_status":"closed","template":"","meta":{"site-sidebar-layout":"no-sidebar","site-content-layout":"","ast-site-content-layout":"full-width-container","site-content-style":"default","site-sidebar-style":"default","ast-global-header-display":"","ast-banner-title-visibility":"","ast-main-header-display":"","ast-hfb-above-header-display":"","ast-hfb-below-header-display":"","ast-hfb-mobile-header-display":"","site-post-title":"","ast-breadcrumbs-content":"","ast-featured-img":"disabled","footer-sml-layout":"","ast-disable-related-posts":"","theme-transparent-header-meta":"","adv-header-id-meta":"","stick-header-meta":"","header-above-stick-meta":"","header-main-stick-meta":"","header-below-stick-meta":"","astra-migrate-meta-layouts":"default","ast-page-background-enabled":"default","ast-page-background-meta":{"desktop":{"background-color":"var(--ast-global-color-4)","background-image":"","background-repeat":"repeat","background-position":"center center","background-size":"auto","background-attachment":"scroll","background-type":"","background-media":"","overlay-type":"","overlay-color":"","overlay-opacity":"","overlay-gradient":""},"tablet":{"background-color":"","background-image":"","background-repeat":"repeat","background-position":"center center","background-size":"auto","background-attachment":"scroll","background-type":"","background-media":"","overlay-type":"","overlay-color":"","overlay-opacity":"","overlay-gradient":""},"mobile":{"background-color":"","background-image":"","background-repeat":"repeat","background-position":"center center","background-size":"auto","background-attachment":"scroll","background-type":"","background-media":"","overlay-type":"","overlay-color":"","overlay-opacity":"","overlay-gradient":""}},"ast-content-background-meta":{"desktop":{"background-color":"var(--ast-global-color-5)","background-image":"","background-repeat":"repeat","background-position":"center center","background-size":"auto","background-attachment":"scroll","background-type":"","background-media":"","overlay-type":"","overlay-color":"","overlay-opacity":"","overlay-gradient":""},"tablet":{"background-color":"var(--ast-global-color-5)","background-image":"","background-repeat":"repeat","background-position":"center center","background-size":"auto","background-attachment":"scroll","background-type":"","background-media":"","overlay-type":"","overlay-color":"","overlay-opacity":"","overlay-gradient":""},"mobile":{"background-color":"var(--ast-global-color-5)","background-image":"","background-repeat":"repeat","background-position":"center center","background-size":"auto","background-attachment":"scroll","background-type":"","background-media":"","overlay-type":"","overlay-color":"","overlay-opacity":"","overlay-gradient":""}},"footnotes":""},"class_list":["post-3362","page","type-page","status-publish","hentry"],"_links":{"self":[{"href":"https:\/\/aifec.eu\/congreso2026\/wp-json\/wp\/v2\/pages\/3362","targetHints":{"allow":["GET"]}}],"collection":[{"href":"https:\/\/aifec.eu\/congreso2026\/wp-json\/wp\/v2\/pages"}],"about":[{"href":"https:\/\/aifec.eu\/congreso2026\/wp-json\/wp\/v2\/types\/page"}],"author":[{"embeddable":true,"href":"https:\/\/aifec.eu\/congreso2026\/wp-json\/wp\/v2\/users\/1"}],"replies":[{"embeddable":true,"href":"https:\/\/aifec.eu\/congreso2026\/wp-json\/wp\/v2\/comments?post=3362"}],"version-history":[{"count":7,"href":"https:\/\/aifec.eu\/congreso2026\/wp-json\/wp\/v2\/pages\/3362\/revisions"}],"predecessor-version":[{"id":3389,"href":"https:\/\/aifec.eu\/congreso2026\/wp-json\/wp\/v2\/pages\/3362\/revisions\/3389"}],"wp:attachment":[{"href":"https:\/\/aifec.eu\/congreso2026\/wp-json\/wp\/v2\/media?parent=3362"}],"curies":[{"name":"wp","href":"https:\/\/api.w.org\/{rel}","templated":true}]}}