{"id":367,"date":"2025-01-14T05:46:56","date_gmt":"2025-01-14T08:46:56","guid":{"rendered":"https:\/\/aifec.eu\/congreso2025\/?page_id=367"},"modified":"2025-04-07T08:53:33","modified_gmt":"2025-04-07T11:53:33","slug":"cena-de-gala","status":"publish","type":"page","link":"https:\/\/aifec.eu\/congreso2025\/cena-de-gala\/","title":{"rendered":"Cena de Gala"},"content":{"rendered":"\t\t<div data-elementor-type=\"wp-page\" data-elementor-id=\"367\" class=\"elementor elementor-367\" data-elementor-settings=\"{&quot;ha_cmc_init_switcher&quot;:&quot;no&quot;}\">\n\t\t\t\t\t\t<section class=\"elementor-section elementor-top-section elementor-element elementor-element-6b6f39f elementor-section-boxed elementor-section-height-default elementor-section-height-default wpr-particle-no wpr-jarallax-no wpr-parallax-no wpr-sticky-section-no wpr-equal-height-no\" data-id=\"6b6f39f\" data-element_type=\"section\" data-e-type=\"section\" data-settings=\"{&quot;background_background&quot;:&quot;classic&quot;,&quot;_ha_eqh_enable&quot;:false}\">\n\t\t\t\t\t\t\t<div class=\"elementor-background-overlay\"><\/div>\n\t\t\t\t\t\t\t<div class=\"elementor-container elementor-column-gap-default\">\n\t\t\t\t\t<div class=\"elementor-column elementor-col-100 elementor-top-column elementor-element elementor-element-1092fe8\" data-id=\"1092fe8\" data-element_type=\"column\" data-e-type=\"column\">\n\t\t\t<div class=\"elementor-widget-wrap\">\n\t\t\t\t\t\t\t<\/div>\n\t\t<\/div>\n\t\t\t\t\t<\/div>\n\t\t<\/section>\n\t\t<div class=\"elementor-element elementor-element-afe21d0 e-flex e-con-boxed wpr-particle-no wpr-jarallax-no wpr-parallax-no wpr-sticky-section-no wpr-equal-height-no e-con e-parent\" data-id=\"afe21d0\" data-element_type=\"container\" data-e-type=\"container\" data-settings=\"{&quot;_ha_eqh_enable&quot;:false}\">\n\t\t\t\t\t<div class=\"e-con-inner\">\n\t\t\t\t<div class=\"elementor-element elementor-element-581a791 elementor-widget elementor-widget-heading\" data-id=\"581a791\" data-element_type=\"widget\" data-e-type=\"widget\" data-widget_type=\"heading.default\">\n\t\t\t\t<div class=\"elementor-widget-container\">\n\t\t\t\t\t<h2 class=\"elementor-heading-title elementor-size-default\">Cena de gala &amp; Entrega Premios AIFEC 2025\n<\/h2>\t\t\t\t<\/div>\n\t\t\t\t<\/div>\n\t\t\t\t\t<\/div>\n\t\t\t\t<\/div>\n\t\t<div class=\"elementor-element elementor-element-d4914d7 e-flex e-con-boxed wpr-particle-no wpr-jarallax-no wpr-parallax-no wpr-sticky-section-no wpr-equal-height-no e-con e-parent\" data-id=\"d4914d7\" data-element_type=\"container\" data-e-type=\"container\" data-settings=\"{&quot;_ha_eqh_enable&quot;:false}\">\n\t\t\t\t\t<div class=\"e-con-inner\">\n\t\t\t\t<div class=\"elementor-element elementor-element-2295ebf elementor-widget elementor-widget-text-editor\" data-id=\"2295ebf\" data-element_type=\"widget\" data-e-type=\"widget\" data-widget_type=\"text-editor.default\">\n\t\t\t\t<div class=\"elementor-widget-container\">\n\t\t\t\t\t\t\t\t\t<div>El viernes 16 de mayo se celebrar\u00e1 la cena de gala en la finca Mackay, rodeados de verdes jardines y en un enclave con un car\u00e1cter aut\u00e9ntico canario, disfrutaremos de una gran velada.<br \/>Durante la noche, aprovecharemos tambi\u00e9n para entregar los premios AIFEC 2025.<br \/>Patrocinada por<\/div>\t\t\t\t\t\t\t\t<\/div>\n\t\t\t\t<\/div>\n\t\t\t\t\t<\/div>\n\t\t\t\t<\/div>\n\t\t<div class=\"elementor-element elementor-element-7257eea e-flex e-con-boxed wpr-particle-no wpr-jarallax-no wpr-parallax-no wpr-sticky-section-no wpr-equal-height-no e-con e-parent\" data-id=\"7257eea\" data-element_type=\"container\" data-e-type=\"container\" data-settings=\"{&quot;_ha_eqh_enable&quot;:false}\">\n\t\t\t\t\t<div class=\"e-con-inner\">\n\t\t<div class=\"elementor-element elementor-element-c992f11 e-con-full e-flex wpr-particle-no wpr-jarallax-no wpr-parallax-no wpr-sticky-section-no wpr-equal-height-no e-con e-child\" data-id=\"c992f11\" data-element_type=\"container\" data-e-type=\"container\" data-settings=\"{&quot;_ha_eqh_enable&quot;:false}\">\n\t\t\t\t<div class=\"elementor-element elementor-element-7725b79 elementor-widget elementor-widget-image\" data-id=\"7725b79\" data-element_type=\"widget\" data-e-type=\"widget\" data-widget_type=\"image.default\">\n\t\t\t\t<div class=\"elementor-widget-container\">\n\t\t\t\t\t\t\t\t\t\t\t\t\t\t\t<img fetchpriority=\"high\" decoding=\"async\" width=\"895\" height=\"316\" src=\"https:\/\/aifec.eu\/congreso2025\/wp-content\/uploads\/2025\/02\/post21071b-e1739193837343.jpg\" class=\"attachment-large size-large wp-image-1170\" alt=\"\" srcset=\"https:\/\/aifec.eu\/congreso2025\/wp-content\/uploads\/2025\/02\/post21071b-e1739193837343.jpg 895w, https:\/\/aifec.eu\/congreso2025\/wp-content\/uploads\/2025\/02\/post21071b-e1739193837343-300x106.jpg 300w, https:\/\/aifec.eu\/congreso2025\/wp-content\/uploads\/2025\/02\/post21071b-e1739193837343-768x271.jpg 768w\" sizes=\"(max-width: 895px) 100vw, 895px\" \/>\t\t\t\t\t\t\t\t\t\t\t\t\t\t\t<\/div>\n\t\t\t\t<\/div>\n\t\t\t\t<\/div>\n\t\t<div class=\"elementor-element elementor-element-69b66ba e-con-full e-flex wpr-particle-no wpr-jarallax-no wpr-parallax-no wpr-sticky-section-no wpr-equal-height-no e-con e-child\" data-id=\"69b66ba\" data-element_type=\"container\" data-e-type=\"container\" data-settings=\"{&quot;_ha_eqh_enable&quot;:false}\">\n\t\t\t\t<div class=\"elementor-element elementor-element-547a809 elementor-widget elementor-widget-image\" data-id=\"547a809\" data-element_type=\"widget\" data-e-type=\"widget\" data-widget_type=\"image.default\">\n\t\t\t\t<div class=\"elementor-widget-container\">\n\t\t\t\t\t\t\t\t\t\t\t\t\t\t\t<img decoding=\"async\" width=\"768\" height=\"768\" data-src=\"https:\/\/aifec.eu\/congreso2025\/wp-content\/uploads\/2025\/04\/logo_HP_Electric_Blue_keyline-768x768.jpg\" class=\"attachment-medium_large size-medium_large wp-image-2149 lazyload\" alt=\"\" data-srcset=\"https:\/\/aifec.eu\/congreso2025\/wp-content\/uploads\/2025\/04\/logo_HP_Electric_Blue_keyline-768x768.jpg 768w, https:\/\/aifec.eu\/congreso2025\/wp-content\/uploads\/2025\/04\/logo_HP_Electric_Blue_keyline-300x300.jpg 300w, https:\/\/aifec.eu\/congreso2025\/wp-content\/uploads\/2025\/04\/logo_HP_Electric_Blue_keyline-1024x1024.jpg 1024w, https:\/\/aifec.eu\/congreso2025\/wp-content\/uploads\/2025\/04\/logo_HP_Electric_Blue_keyline-150x150.jpg 150w, https:\/\/aifec.eu\/congreso2025\/wp-content\/uploads\/2025\/04\/logo_HP_Electric_Blue_keyline-1536x1536.jpg 1536w, https:\/\/aifec.eu\/congreso2025\/wp-content\/uploads\/2025\/04\/logo_HP_Electric_Blue_keyline.jpg 1666w\" data-sizes=\"(max-width: 768px) 100vw, 768px\" src=\"data:image\/gif;base64,R0lGODlhAQABAAAAACH5BAEKAAEALAAAAAABAAEAAAICTAEAOw==\" style=\"--smush-placeholder-width: 768px; --smush-placeholder-aspect-ratio: 768\/768;\" \/>\t\t\t\t\t\t\t\t\t\t\t\t\t\t\t<\/div>\n\t\t\t\t<\/div>\n\t\t\t\t<\/div>\n\t\t\t\t\t<\/div>\n\t\t\t\t<\/div>\n\t\t<div class=\"elementor-element elementor-element-6a24d38 e-flex e-con-boxed wpr-particle-no wpr-jarallax-no wpr-parallax-no wpr-sticky-section-no wpr-equal-height-no e-con e-parent\" data-id=\"6a24d38\" data-element_type=\"container\" data-e-type=\"container\" data-settings=\"{&quot;_ha_eqh_enable&quot;:false}\">\n\t\t\t\t\t<div class=\"e-con-inner\">\n\t\t\t\t<div class=\"elementor-element elementor-element-5bff777 king-addons-adv-slider-columns-1 king-addons-adv-slider-columns--tablet1 king-addons-adv-slider-columns--mobile1 king-addons-adv-slides-to-scroll-1 king-addons-slider-dots-horizontal elementor-widget elementor-widget-king-addons-slider\" data-id=\"5bff777\" data-element_type=\"widget\" data-e-type=\"widget\" data-settings=\"{&quot;slider_amount&quot;:1,&quot;slider_amount_tablet&quot;:1,&quot;slider_amount_mobile&quot;:1,&quot;slides_to_scroll&quot;:1,&quot;slider_loop&quot;:&quot;yes&quot;,&quot;slider_video_btn_size&quot;:&quot;medium&quot;}\" data-widget_type=\"king-addons-slider.default\">\n\t\t\t\t<div class=\"elementor-widget-container\">\n\t\t\t\t\t\n        <div class=\"king-addons-advanced-slider-wrap\">\n            <div\n                class=\"king-addons-advanced-slider\" dir=\"ltr\" data-slick=\"{&quot;rtl&quot;:false,&quot;infinite&quot;:true,&quot;speed&quot;:400,&quot;arrows&quot;:true,&quot;dots&quot;:true,&quot;autoplay&quot;:false,&quot;autoplaySpeed&quot;:0,&quot;pauseOnHover&quot;:&quot;&quot;,&quot;prevArrow&quot;:&quot;#king-addons-slider-prev-5bff777&quot;,&quot;nextArrow&quot;:&quot;#king-addons-slider-next-5bff777&quot;,&quot;vertical&quot;:false,&quot;adaptiveHeight&quot;:true}\" data-video-btn-size=\"{&quot;widescreen&quot;:&quot;medium&quot;,&quot;desktop&quot;:&quot;medium&quot;,&quot;laptop&quot;:&quot;medium&quot;,&quot;tablet_extra&quot;:&quot;medium&quot;,&quot;tablet&quot;:&quot;&quot;,&quot;mobile_extra&quot;:&quot;&quot;,&quot;mobile&quot;:&quot;&quot;}\"                    data-slide-effect=\"fade\"\n            >\n                <div class=\"king-addons-slider-item elementor-repeater-item-46901e0\"><div class=\"king-addons-slider-item-bg lazyload\" style=\"background-image:inherit\" data-bg-image=\"url(https:\/\/aifec.eu\/congreso2025\/wp-content\/uploads\/2025\/02\/IMG_7531.jpeg)\"><\/div><div class=\"king-addons-slider-item-overlay\"><\/div><div class=\"king-addons-cv-container\"><div class=\"king-addons-cv-outer\"><div class=\"king-addons-cv-inner\"><div class=\"king-addons-slider-content\"><div class=\"king-addons-slider-btns\"><\/div><\/div><\/div><\/div><\/div><\/div><div class=\"king-addons-slider-item elementor-repeater-item-1a71b68\"><div class=\"king-addons-slider-item-bg lazyload\" style=\"background-image:inherit\" data-bg-image=\"url(https:\/\/aifec.eu\/congreso2025\/wp-content\/uploads\/2025\/01\/finca-mac-kay-6.jpg)\"><\/div><div class=\"king-addons-slider-item-overlay\"><\/div><div class=\"king-addons-cv-container\"><div class=\"king-addons-cv-outer\"><div class=\"king-addons-cv-inner\"><div class=\"king-addons-slider-content\"><div class=\"king-addons-slider-btns\"><\/div><\/div><\/div><\/div><\/div><\/div><div class=\"king-addons-slider-item elementor-repeater-item-592a8f3\"><div class=\"king-addons-slider-item-bg lazyload\" style=\"background-image:inherit\" data-bg-image=\"url(https:\/\/aifec.eu\/congreso2025\/wp-content\/uploads\/2025\/02\/IMG_7532.jpeg)\"><\/div><div class=\"king-addons-cv-container\"><div class=\"king-addons-cv-outer\"><div class=\"king-addons-cv-inner\"><div class=\"king-addons-slider-content\"><div class=\"king-addons-slider-btns\"><\/div><\/div><\/div><\/div><\/div><\/div><div class=\"king-addons-slider-item elementor-repeater-item-57d8940\"><div class=\"king-addons-slider-item-bg lazyload\" style=\"background-image:inherit\" data-bg-image=\"url(https:\/\/aifec.eu\/congreso2025\/wp-content\/uploads\/2025\/02\/IMG_5121.jpeg)\"><\/div><div class=\"king-addons-cv-container\"><div class=\"king-addons-cv-outer\"><div class=\"king-addons-cv-inner\"><div class=\"king-addons-slider-content\"><div class=\"king-addons-slider-btns\"><\/div><\/div><\/div><\/div><\/div><\/div>            <\/div>\n\n            <div class=\"king-addons-slider-controls\">\n                <div class=\"king-addons-slider-dots\"><\/div>\n            <\/div>\n\n            <div class=\"king-addons-slider-arrow-container\">\n                <div class=\"king-addons-slider-prev-arrow king-addons-slider-arrow\"\n                     id=\"king-addons-slider-prev-5bff777\">\n                    <i class=\"fas fa-angle-left\"><\/i>                <\/div>\n                <div class=\"king-addons-slider-next-arrow king-addons-slider-arrow\"\n                     id=\"king-addons-slider-next-5bff777\">\n                    <i class=\"fas fa-angle-left\"><\/i>                <\/div>\n            <\/div>\n\n                    <\/div>\n        \t\t\t\t<\/div>\n\t\t\t\t<\/div>\n\t\t\t\t\t<\/div>\n\t\t\t\t<\/div>\n\t\t\t\t<\/div>\n\t\t","protected":false},"excerpt":{"rendered":"<p>Cena de gala &#038; Entrega Premios AIFEC 2025 El viernes 16 de mayo se celebrar\u00e1 la cena de gala en la finca Mackay, rodeados de verdes jardines y en un enclave con un car\u00e1cter aut\u00e9ntico canario, disfrutaremos de una gran velada.Durante la noche, aprovecharemos tambi\u00e9n para entregar los premios AIFEC 2025.Patrocinada por<\/p>\n","protected":false},"author":1,"featured_media":0,"parent":0,"menu_order":0,"comment_status":"closed","ping_status":"closed","template":"","meta":{"site-sidebar-layout":"no-sidebar","site-content-layout":"","ast-site-content-layout":"full-width-container","site-content-style":"default","site-sidebar-style":"default","ast-global-header-display":"","ast-banner-title-visibility":"","ast-main-header-display":"","ast-hfb-above-header-display":"","ast-hfb-below-header-display":"","ast-hfb-mobile-header-display":"","site-post-title":"disabled","ast-breadcrumbs-content":"","ast-featured-img":"disabled","footer-sml-layout":"","theme-transparent-header-meta":"","adv-header-id-meta":"","stick-header-meta":"","header-above-stick-meta":"","header-main-stick-meta":"","header-below-stick-meta":"","astra-migrate-meta-layouts":"default","ast-page-background-enabled":"default","ast-page-background-meta":{"desktop":{"background-color":"var(--ast-global-color-4)","background-image":"","background-repeat":"repeat","background-position":"center center","background-size":"auto","background-attachment":"scroll","background-type":"","background-media":"","overlay-type":"","overlay-color":"","overlay-opacity":"","overlay-gradient":""},"tablet":{"background-color":"","background-image":"","background-repeat":"repeat","background-position":"center center","background-size":"auto","background-attachment":"scroll","background-type":"","background-media":"","overlay-type":"","overlay-color":"","overlay-opacity":"","overlay-gradient":""},"mobile":{"background-color":"","background-image":"","background-repeat":"repeat","background-position":"center center","background-size":"auto","background-attachment":"scroll","background-type":"","background-media":"","overlay-type":"","overlay-color":"","overlay-opacity":"","overlay-gradient":""}},"ast-content-background-meta":{"desktop":{"background-color":"var(--ast-global-color-5)","background-image":"","background-repeat":"repeat","background-position":"center center","background-size":"auto","background-attachment":"scroll","background-type":"","background-media":"","overlay-type":"","overlay-color":"","overlay-opacity":"","overlay-gradient":""},"tablet":{"background-color":"var(--ast-global-color-5)","background-image":"","background-repeat":"repeat","background-position":"center center","background-size":"auto","background-attachment":"scroll","background-type":"","background-media":"","overlay-type":"","overlay-color":"","overlay-opacity":"","overlay-gradient":""},"mobile":{"background-color":"var(--ast-global-color-5)","background-image":"","background-repeat":"repeat","background-position":"center center","background-size":"auto","background-attachment":"scroll","background-type":"","background-media":"","overlay-type":"","overlay-color":"","overlay-opacity":"","overlay-gradient":""}},"footnotes":""},"class_list":["post-367","page","type-page","status-publish","hentry"],"_links":{"self":[{"href":"https:\/\/aifec.eu\/congreso2025\/wp-json\/wp\/v2\/pages\/367","targetHints":{"allow":["GET"]}}],"collection":[{"href":"https:\/\/aifec.eu\/congreso2025\/wp-json\/wp\/v2\/pages"}],"about":[{"href":"https:\/\/aifec.eu\/congreso2025\/wp-json\/wp\/v2\/types\/page"}],"author":[{"embeddable":true,"href":"https:\/\/aifec.eu\/congreso2025\/wp-json\/wp\/v2\/users\/1"}],"replies":[{"embeddable":true,"href":"https:\/\/aifec.eu\/congreso2025\/wp-json\/wp\/v2\/comments?post=367"}],"version-history":[{"count":67,"href":"https:\/\/aifec.eu\/congreso2025\/wp-json\/wp\/v2\/pages\/367\/revisions"}],"predecessor-version":[{"id":2155,"href":"https:\/\/aifec.eu\/congreso2025\/wp-json\/wp\/v2\/pages\/367\/revisions\/2155"}],"wp:attachment":[{"href":"https:\/\/aifec.eu\/congreso2025\/wp-json\/wp\/v2\/media?parent=367"}],"curies":[{"name":"wp","href":"https:\/\/api.w.org\/{rel}","templated":true}]}}