{"id":2068,"date":"2025-03-25T16:48:15","date_gmt":"2025-03-25T19:48:15","guid":{"rendered":"https:\/\/aifec.eu\/congreso2025\/?page_id=2068"},"modified":"2025-03-25T16:58:32","modified_gmt":"2025-03-25T19:58:32","slug":"ivo-guell","status":"publish","type":"page","link":"https:\/\/aifec.eu\/congreso2025\/ivo-guell\/","title":{"rendered":"Ivo G\u00fcell"},"content":{"rendered":"\t\t<div data-elementor-type=\"wp-page\" data-elementor-id=\"2068\" class=\"elementor elementor-2068\" data-elementor-settings=\"{&quot;ha_cmc_init_switcher&quot;:&quot;no&quot;}\">\n\t\t\t\t<div class=\"elementor-element elementor-element-22e4045 e-flex e-con-boxed wpr-particle-no wpr-jarallax-no wpr-parallax-no wpr-sticky-section-no wpr-equal-height-no e-con e-parent\" data-id=\"22e4045\" data-element_type=\"container\" data-e-type=\"container\" data-settings=\"{&quot;_ha_eqh_enable&quot;:false}\">\n\t\t\t\t\t<div class=\"e-con-inner\">\n\t\t<div class=\"elementor-element elementor-element-08042ee e-con-full e-flex wpr-particle-no wpr-jarallax-no wpr-parallax-no wpr-sticky-section-no wpr-equal-height-no e-con e-child\" data-id=\"08042ee\" data-element_type=\"container\" data-e-type=\"container\" data-settings=\"{&quot;_ha_eqh_enable&quot;:false}\">\n\t\t\t\t<div class=\"elementor-element elementor-element-4278021 elementor-widget elementor-widget-image\" data-id=\"4278021\" data-element_type=\"widget\" data-e-type=\"widget\" data-widget_type=\"image.default\">\n\t\t\t\t<div class=\"elementor-widget-container\">\n\t\t\t\t\t\t\t\t\t\t\t\t\t\t\t<img fetchpriority=\"high\" decoding=\"async\" width=\"640\" height=\"426\" src=\"https:\/\/aifec.eu\/congreso2025\/wp-content\/uploads\/2025\/03\/ivo-guell-torne-galeria-17150157852315727691022963396.jpeg\" class=\"attachment-large size-large wp-image-2074\" alt=\"\" srcset=\"https:\/\/aifec.eu\/congreso2025\/wp-content\/uploads\/2025\/03\/ivo-guell-torne-galeria-17150157852315727691022963396.jpeg 640w, https:\/\/aifec.eu\/congreso2025\/wp-content\/uploads\/2025\/03\/ivo-guell-torne-galeria-17150157852315727691022963396-300x200.jpeg 300w\" sizes=\"(max-width: 640px) 100vw, 640px\" \/>\t\t\t\t\t\t\t\t\t\t\t\t\t\t\t<\/div>\n\t\t\t\t<\/div>\n\t\t\t\t<\/div>\n\t\t<div class=\"elementor-element elementor-element-26b660a e-con-full e-flex wpr-particle-no wpr-jarallax-no wpr-parallax-no wpr-sticky-section-no wpr-equal-height-no e-con e-child\" data-id=\"26b660a\" data-element_type=\"container\" data-e-type=\"container\" data-settings=\"{&quot;_ha_eqh_enable&quot;:false}\">\n\t\t\t\t<div class=\"elementor-element elementor-element-707ece7 elementor-widget elementor-widget-text-editor\" data-id=\"707ece7\" data-element_type=\"widget\" data-e-type=\"widget\" data-widget_type=\"text-editor.default\">\n\t\t\t\t<div class=\"elementor-widget-container\">\n\t\t\t\t\t\t\t\t\t<p>Ponente: <strong>Ivo G\u00fcell<\/strong><\/p><p>Biografia:<strong> Conferenciante, formador, consultor, estrategias de neuromarketing,<\/strong><br \/><strong>liderazgo, talento y RRHH, ventas, digitalizaci\u00f3n, IA aplicada a la<\/strong><br \/><strong>organizaci\u00f3n, in company para m\u00e1s de 3000 empresas en toda Espa\u00f1a y<\/strong><br \/><strong>LATAM, colaborador acad\u00e9mico de diversas universidades, como Esade<\/strong><br \/><strong>Business School, ESIC, UPC, UOC, UIC, URV, UB IL3, admnistraciones<\/strong><br \/><strong>p\u00fablicas, ayuntamientos, c\u00e1maras de comercio y diversos entes locales y<\/strong><br \/><strong>asociaciones empresariales. Autor de 4 libros, Impulso positivo, IA para<\/strong><br \/><strong>encontrar trabajo, Liderar en 22 dimensiones y liderazgo cu\u00e1ntico, solo<\/strong><br \/><strong>para empresas.<\/strong><\/p><p><strong>Ivo G\u00fcell es energ\u00eda en estado puro.<\/strong><br \/><strong>Speaker motivacional, conferenciante disruptivo, formador de mentes<\/strong><br \/><strong>enfocado al Marketing 360o y Talento en RRHH. Con trayectoria en<\/strong><br \/><strong>Coaching, Mentoring y Counselling, Ivo impulsa el liderazgo humanista<\/strong><br \/><strong>digital desde la ra\u00edz, transformando equipos en potencias imparables<\/strong><br \/><strong>basados en el cambio del #YoNoPuedo al #YoSiPuedo<\/strong><br \/><strong>Dedicado a facilitar la integraci\u00f3n de la digitalizaci\u00f3n y la Inteligencia<\/strong><br \/><strong>Artificial en la gesti\u00f3n organizacional, Ivo G\u00fcell desaf\u00eda lo convencional con<\/strong><br \/><strong>su enfoque innovador y rompedor. Inspirador de competencias clave para<\/strong><br \/><strong>la era digital, su sello es el impacto directo y memorable en la cultura<\/strong><br \/><strong>corporativa.<\/strong><br \/><strong>Lo mejor para aplicar a tu empresa, neuroventas, comunicaci\u00f3n eficiente,<\/strong><br \/><strong>Storytelling que conecta almas, customer y employee experience<\/strong><br \/><strong>memorables, neuromarketing que atrapa desde el primer segundo.<\/strong><br \/><strong>Todo ello fusionado con liderazgo genuino, inteligencia emocional<\/strong><br \/><strong>poderosa, PNL de alto voltaje, comunicaci\u00f3n no verbal y paraverbal que<\/strong><br \/><strong>transforma relaciones, ventas digitales que cautivan y una gesti\u00f3n del<\/strong><br \/><strong>tiempo que convierte cada minuto en oportunidad.<\/strong><br \/><strong>Ivo no solo habla, provoca cambios, inspira decisiones y lidera<\/strong><br \/><strong>transformaciones profundas en empresas y equipos que buscan dejar<\/strong><br \/><strong>huella. Su enfoque estrat\u00e9gico y su pasi\u00f3n contagiosa hacen que cada<\/strong><br \/><strong>intervenci\u00f3n sea una experiencia que desfibrilan mentes y deja un impacto<\/strong><br \/><strong>imborrable.<\/strong><\/p>\t\t\t\t\t\t\t\t<\/div>\n\t\t\t\t<\/div>\n\t\t\t\t<\/div>\n\t\t\t\t\t<\/div>\n\t\t\t\t<\/div>\n\t\t\t\t<\/div>\n\t\t","protected":false},"excerpt":{"rendered":"<p>Ponente: Ivo G\u00fcell Biografia: Conferenciante, formador, consultor, estrategias de neuromarketing,liderazgo, talento y RRHH, ventas, digitalizaci\u00f3n, IA aplicada a laorganizaci\u00f3n, in company para m\u00e1s de 3000 empresas en toda Espa\u00f1a yLATAM, colaborador acad\u00e9mico de diversas universidades, como EsadeBusiness School, ESIC, UPC, UOC, UIC, URV, UB IL3, admnistracionesp\u00fablicas, ayuntamientos, c\u00e1maras de comercio y diversos entes locales yasociaciones empresariales. Autor de 4 libros, Impulso positivo, IA paraencontrar trabajo, Liderar en 22 dimensiones y liderazgo cu\u00e1ntico, solopara empresas. Ivo G\u00fcell es energ\u00eda en estado puro.Speaker motivacional, conferenciante disruptivo, formador de mentesenfocado al Marketing 360o y Talento en RRHH. Con trayectoria enCoaching, Mentoring y Counselling, Ivo impulsa el liderazgo humanistadigital desde la ra\u00edz, transformando equipos en potencias imparablesbasados en el cambio del #YoNoPuedo al #YoSiPuedoDedicado a facilitar la integraci\u00f3n de la digitalizaci\u00f3n y la InteligenciaArtificial en la gesti\u00f3n organizacional, Ivo G\u00fcell desaf\u00eda lo convencional consu enfoque innovador y rompedor. Inspirador de competencias clave parala era digital, su sello es el impacto directo y memorable en la culturacorporativa.Lo mejor para aplicar a tu empresa, neuroventas, comunicaci\u00f3n eficiente,Storytelling que conecta almas, customer y employee experiencememorables, neuromarketing que atrapa desde el primer segundo.Todo ello fusionado con liderazgo genuino, inteligencia emocionalpoderosa, PNL de alto voltaje, comunicaci\u00f3n no verbal y paraverbal quetransforma relaciones, ventas digitales que cautivan y una gesti\u00f3n deltiempo que convierte cada minuto en oportunidad.Ivo no solo habla, provoca cambios, inspira decisiones y lideratransformaciones profundas en empresas y equipos que buscan dejarhuella. Su enfoque estrat\u00e9gico y su pasi\u00f3n contagiosa hacen que cadaintervenci\u00f3n sea una experiencia que desfibrilan mentes y deja un impactoimborrable.<\/p>\n","protected":false},"author":1,"featured_media":0,"parent":0,"menu_order":0,"comment_status":"closed","ping_status":"closed","template":"","meta":{"site-sidebar-layout":"no-sidebar","site-content-layout":"","ast-site-content-layout":"full-width-container","site-content-style":"default","site-sidebar-style":"default","ast-global-header-display":"","ast-banner-title-visibility":"","ast-main-header-display":"","ast-hfb-above-header-display":"","ast-hfb-below-header-display":"","ast-hfb-mobile-header-display":"","site-post-title":"disabled","ast-breadcrumbs-content":"","ast-featured-img":"disabled","footer-sml-layout":"","theme-transparent-header-meta":"","adv-header-id-meta":"","stick-header-meta":"","header-above-stick-meta":"","header-main-stick-meta":"","header-below-stick-meta":"","astra-migrate-meta-layouts":"default","ast-page-background-enabled":"default","ast-page-background-meta":{"desktop":{"background-color":"var(--ast-global-color-4)","background-image":"","background-repeat":"repeat","background-position":"center center","background-size":"auto","background-attachment":"scroll","background-type":"","background-media":"","overlay-type":"","overlay-color":"","overlay-opacity":"","overlay-gradient":""},"tablet":{"background-color":"","background-image":"","background-repeat":"repeat","background-position":"center center","background-size":"auto","background-attachment":"scroll","background-type":"","background-media":"","overlay-type":"","overlay-color":"","overlay-opacity":"","overlay-gradient":""},"mobile":{"background-color":"","background-image":"","background-repeat":"repeat","background-position":"center center","background-size":"auto","background-attachment":"scroll","background-type":"","background-media":"","overlay-type":"","overlay-color":"","overlay-opacity":"","overlay-gradient":""}},"ast-content-background-meta":{"desktop":{"background-color":"var(--ast-global-color-5)","background-image":"","background-repeat":"repeat","background-position":"center center","background-size":"auto","background-attachment":"scroll","background-type":"","background-media":"","overlay-type":"","overlay-color":"","overlay-opacity":"","overlay-gradient":""},"tablet":{"background-color":"var(--ast-global-color-5)","background-image":"","background-repeat":"repeat","background-position":"center center","background-size":"auto","background-attachment":"scroll","background-type":"","background-media":"","overlay-type":"","overlay-color":"","overlay-opacity":"","overlay-gradient":""},"mobile":{"background-color":"var(--ast-global-color-5)","background-image":"","background-repeat":"repeat","background-position":"center center","background-size":"auto","background-attachment":"scroll","background-type":"","background-media":"","overlay-type":"","overlay-color":"","overlay-opacity":"","overlay-gradient":""}},"footnotes":""},"class_list":["post-2068","page","type-page","status-publish","hentry"],"_links":{"self":[{"href":"https:\/\/aifec.eu\/congreso2025\/wp-json\/wp\/v2\/pages\/2068","targetHints":{"allow":["GET"]}}],"collection":[{"href":"https:\/\/aifec.eu\/congreso2025\/wp-json\/wp\/v2\/pages"}],"about":[{"href":"https:\/\/aifec.eu\/congreso2025\/wp-json\/wp\/v2\/types\/page"}],"author":[{"embeddable":true,"href":"https:\/\/aifec.eu\/congreso2025\/wp-json\/wp\/v2\/users\/1"}],"replies":[{"embeddable":true,"href":"https:\/\/aifec.eu\/congreso2025\/wp-json\/wp\/v2\/comments?post=2068"}],"version-history":[{"count":13,"href":"https:\/\/aifec.eu\/congreso2025\/wp-json\/wp\/v2\/pages\/2068\/revisions"}],"predecessor-version":[{"id":2083,"href":"https:\/\/aifec.eu\/congreso2025\/wp-json\/wp\/v2\/pages\/2068\/revisions\/2083"}],"wp:attachment":[{"href":"https:\/\/aifec.eu\/congreso2025\/wp-json\/wp\/v2\/media?parent=2068"}],"curies":[{"name":"wp","href":"https:\/\/api.w.org\/{rel}","templated":true}]}}

Ivo Güell

<div data-elementor-type="wp-page" data-elementor-id="2068" class="elementor elementor-2068" data-elementor-settings="{&quot;ha_cmc_init_switcher&quot;:&quot;no&quot;}">
				<div class="elementor-element elementor-element-22e4045 e-flex e-con-boxed wpr-particle-no wpr-jarallax-no wpr-parallax-no wpr-sticky-section-no wpr-equal-height-no e-con e-parent" data-id="22e4045" data-element_type="container" data-e-type="container" data-settings="{&quot;_ha_eqh_enable&quot;:false}">
					<div class="e-con-inner">
		<div class="elementor-element elementor-element-08042ee e-con-full e-flex wpr-particle-no wpr-jarallax-no wpr-parallax-no wpr-sticky-section-no wpr-equal-height-no e-con e-child" data-id="08042ee" data-element_type="container" data-e-type="container" data-settings="{&quot;_ha_eqh_enable&quot;:false}">
				<div class="elementor-element elementor-element-4278021 elementor-widget elementor-widget-image" data-id="4278021" data-element_type="widget" data-e-type="widget" data-widget_type="image.default">
				<div class="elementor-widget-container">
															<img fetchpriority="high" decoding="async" width="640" height="426" src="https://aifec.eu/congreso2025/wp-content/uploads/2025/03/ivo-guell-torne-galeria-17150157852315727691022963396.jpeg" class="attachment-large size-large wp-image-2074" alt="" srcset="https://aifec.eu/congreso2025/wp-content/uploads/2025/03/ivo-guell-torne-galeria-17150157852315727691022963396.jpeg 640w, https://aifec.eu/congreso2025/wp-content/uploads/2025/03/ivo-guell-torne-galeria-17150157852315727691022963396-300x200.jpeg 300w" sizes="(max-width: 640px) 100vw, 640px" />															</div>
				</div>
				</div>
		<div class="elementor-element elementor-element-26b660a e-con-full e-flex wpr-particle-no wpr-jarallax-no wpr-parallax-no wpr-sticky-section-no wpr-equal-height-no e-con e-child" data-id="26b660a" data-element_type="container" data-e-type="container" data-settings="{&quot;_ha_eqh_enable&quot;:false}">
				<div class="elementor-element elementor-element-707ece7 elementor-widget elementor-widget-text-editor" data-id="707ece7" data-element_type="widget" data-e-type="widget" data-widget_type="text-editor.default">
				<div class="elementor-widget-container">
									<p>Ponente: <strong>Ivo Güell</strong></p><p>Biografia:<strong> Conferenciante, formador, consultor, estrategias de neuromarketing,</strong><br /><strong>liderazgo, talento y RRHH, ventas, digitalización, IA aplicada a la</strong><br /><strong>organización, in company para más de 3000 empresas en toda España y</strong><br /><strong>LATAM, colaborador académico de diversas universidades, como Esade</strong><br /><strong>Business School, ESIC, UPC, UOC, UIC, URV, UB IL3, admnistraciones</strong><br /><strong>públicas, ayuntamientos, cámaras de comercio y diversos entes locales y</strong><br /><strong>asociaciones empresariales. Autor de 4 libros, Impulso positivo, IA para</strong><br /><strong>encontrar trabajo, Liderar en 22 dimensiones y liderazgo cuántico, solo</strong><br /><strong>para empresas.</strong></p><p><strong>Ivo Güell es energía en estado puro.</strong><br /><strong>Speaker motivacional, conferenciante disruptivo, formador de mentes</strong><br /><strong>enfocado al Marketing 360o y Talento en RRHH. Con trayectoria en</strong><br /><strong>Coaching, Mentoring y Counselling, Ivo impulsa el liderazgo humanista</strong><br /><strong>digital desde la raíz, transformando equipos en potencias imparables</strong><br /><strong>basados en el cambio del #YoNoPuedo al #YoSiPuedo</strong><br /><strong>Dedicado a facilitar la integración de la digitalización y la Inteligencia</strong><br /><strong>Artificial en la gestión organizacional, Ivo Güell desafía lo convencional con</strong><br /><strong>su enfoque innovador y rompedor. Inspirador de competencias clave para</strong><br /><strong>la era digital, su sello es el impacto directo y memorable en la cultura</strong><br /><strong>corporativa.</strong><br /><strong>Lo mejor para aplicar a tu empresa, neuroventas, comunicación eficiente,</strong><br /><strong>Storytelling que conecta almas, customer y employee experience</strong><br /><strong>memorables, neuromarketing que atrapa desde el primer segundo.</strong><br /><strong>Todo ello fusionado con liderazgo genuino, inteligencia emocional</strong><br /><strong>poderosa, PNL de alto voltaje, comunicación no verbal y paraverbal que</strong><br /><strong>transforma relaciones, ventas digitales que cautivan y una gestión del</strong><br /><strong>tiempo que convierte cada minuto en oportunidad.</strong><br /><strong>Ivo no solo habla, provoca cambios, inspira decisiones y lidera</strong><br /><strong>transformaciones profundas en empresas y equipos que buscan dejar</strong><br /><strong>huella. Su enfoque estratégico y su pasión contagiosa hacen que cada</strong><br /><strong>intervención sea una experiencia que desfibrilan mentes y deja un impacto</strong><br /><strong>imborrable.</strong></p>								</div>
				</div>
				</div>
					</div>
				</div>
				</div>

<p>Ponente: Ivo Güell Biografia: Conferenciante, formador, consultor, estrategias de neuromarketing,liderazgo, talento y RRHH, ventas, digitalización, IA aplicada a laorganización, in company para más de 3000 empresas en toda España yLATAM, colaborador académico de diversas universidades, como EsadeBusiness School, ESIC, UPC, UOC, UIC, URV, UB IL3, admnistracionespúblicas, ayuntamientos, cámaras de comercio y diversos entes locales yasociaciones empresariales. Autor de 4 libros, Impulso positivo, IA paraencontrar trabajo, Liderar en 22 dimensiones y liderazgo cuántico, solopara empresas. Ivo Güell es energía en estado puro.Speaker motivacional, conferenciante disruptivo, formador de mentesenfocado al Marketing 360o y Talento en RRHH. Con trayectoria enCoaching, Mentoring y Counselling, Ivo impulsa el liderazgo humanistadigital desde la raíz, transformando equipos en potencias imparablesbasados en el cambio del #YoNoPuedo al #YoSiPuedoDedicado a facilitar la integración de la digitalización y la InteligenciaArtificial en la gestión organizacional, Ivo Güell desafía lo convencional consu enfoque innovador y rompedor. Inspirador de competencias clave parala era digital, su sello es el impacto directo y memorable en la culturacorporativa.Lo mejor para aplicar a tu empresa, neuroventas, comunicación eficiente,Storytelling que conecta almas, customer y employee experiencememorables, neuromarketing que atrapa desde el primer segundo.Todo ello fusionado con liderazgo genuino, inteligencia emocionalpoderosa, PNL de alto voltaje, comunicación no verbal y paraverbal quetransforma relaciones, ventas digitales que cautivan y una gestión deltiempo que convierte cada minuto en oportunidad.Ivo no solo habla, provoca cambios, inspira decisiones y lideratransformaciones profundas en empresas y equipos que buscan dejarhuella. Su enfoque estratégico y su pasión contagiosa hacen que cadaintervención sea una experiencia que desfibrilan mentes y deja un impactoimborrable.</p>
