{"id":1789,"date":"2025-02-26T12:30:21","date_gmt":"2025-02-26T15:30:21","guid":{"rendered":"https:\/\/aifec.eu\/congreso2025\/?page_id=1789"},"modified":"2025-02-26T12:32:54","modified_gmt":"2025-02-26T15:32:54","slug":"david-martin","status":"publish","type":"page","link":"https:\/\/aifec.eu\/congreso2025\/david-martin\/","title":{"rendered":"David Mart\u00edn"},"content":{"rendered":"\t\t<div data-elementor-type=\"wp-page\" data-elementor-id=\"1789\" class=\"elementor elementor-1789\" data-elementor-settings=\"{&quot;ha_cmc_init_switcher&quot;:&quot;no&quot;}\">\n\t\t\t\t<div class=\"elementor-element elementor-element-ff372d2 e-flex e-con-boxed wpr-particle-no wpr-jarallax-no wpr-parallax-no wpr-sticky-section-no wpr-equal-height-no e-con e-parent\" data-id=\"ff372d2\" data-element_type=\"container\" data-e-type=\"container\" data-settings=\"{&quot;_ha_eqh_enable&quot;:false}\">\n\t\t\t\t\t<div class=\"e-con-inner\">\n\t\t<div class=\"elementor-element elementor-element-b3c4a9e e-con-full e-flex wpr-particle-no wpr-jarallax-no wpr-parallax-no wpr-sticky-section-no wpr-equal-height-no e-con e-child\" data-id=\"b3c4a9e\" data-element_type=\"container\" data-e-type=\"container\" data-settings=\"{&quot;_ha_eqh_enable&quot;:false}\">\n\t\t\t\t<div class=\"elementor-element elementor-element-a238f3d elementor-widget elementor-widget-image\" data-id=\"a238f3d\" data-element_type=\"widget\" data-e-type=\"widget\" data-widget_type=\"image.default\">\n\t\t\t\t<div class=\"elementor-widget-container\">\n\t\t\t\t\t\t\t\t\t\t\t\t\t\t\t<img fetchpriority=\"high\" decoding=\"async\" width=\"479\" height=\"433\" src=\"https:\/\/aifec.eu\/congreso2025\/wp-content\/uploads\/2025\/02\/20250225_072034-rotated-e1740583445268.jpeg\" class=\"attachment-large size-large wp-image-1783\" alt=\"\" srcset=\"https:\/\/aifec.eu\/congreso2025\/wp-content\/uploads\/2025\/02\/20250225_072034-rotated-e1740583445268.jpeg 479w, https:\/\/aifec.eu\/congreso2025\/wp-content\/uploads\/2025\/02\/20250225_072034-rotated-e1740583445268-300x271.jpeg 300w\" sizes=\"(max-width: 479px) 100vw, 479px\" \/>\t\t\t\t\t\t\t\t\t\t\t\t\t\t\t<\/div>\n\t\t\t\t<\/div>\n\t\t\t\t<\/div>\n\t\t<div class=\"elementor-element elementor-element-cea2b9b e-con-full e-flex wpr-particle-no wpr-jarallax-no wpr-parallax-no wpr-sticky-section-no wpr-equal-height-no e-con e-child\" data-id=\"cea2b9b\" data-element_type=\"container\" data-e-type=\"container\" data-settings=\"{&quot;_ha_eqh_enable&quot;:false}\">\n\t\t\t\t<div class=\"elementor-element elementor-element-4693565 elementor-widget elementor-widget-text-editor\" data-id=\"4693565\" data-element_type=\"widget\" data-e-type=\"widget\" data-widget_type=\"text-editor.default\">\n\t\t\t\t<div class=\"elementor-widget-container\">\n\t\t\t\t\t\t\t\t\t<p>Ponente: David Mart\u00edn<\/p><p>Biograf\u00eda:\u00a0<strong>Gerente de Selecto RR.HH, es Graduado Social Colegiado y T\u00e9cnico en Prevenci\u00f3n de Riesgos Laborales, Auditor Socio-Laboral, Compliance Officer y Experto en Mediaci\u00f3n, adem\u00e1s de MBA por ENEB; su experiencia se basa en el desarrollo de departamentos y pol\u00edticas en la gesti\u00f3n de personas en empresas de muy diversa \u00edndole y dimensi\u00f3n (<i>siendo en distintos momentos profesionales el responsable de recursos humanos de compa\u00f1\u00edas como Palacios Alimentaci\u00f3n, Grupo de Bodegas Faustino, Grupo Industrial Starglass\u2026<\/i>); a su vez, siempre ha combinado la labor empresarial con la de docencia (<i>en diferentes escuelas de negocios y organizaciones empresariales<\/i>) impartiendo materias relacionadas con la gesti\u00f3n de los recursos humanos y con la tem\u00e1tica de mejora de capacidades profesionales y directivas.<\/strong><\/p>\t\t\t\t\t\t\t\t<\/div>\n\t\t\t\t<\/div>\n\t\t\t\t<\/div>\n\t\t\t\t\t<\/div>\n\t\t\t\t<\/div>\n\t\t\t\t<\/div>\n\t\t","protected":false},"excerpt":{"rendered":"<p>Ponente: David Mart\u00edn Biograf\u00eda:\u00a0Gerente de Selecto RR.HH, es Graduado Social Colegiado y T\u00e9cnico en Prevenci\u00f3n de Riesgos Laborales, Auditor Socio-Laboral, Compliance Officer y Experto en Mediaci\u00f3n, adem\u00e1s de MBA por ENEB; su experiencia se basa en el desarrollo de departamentos y pol\u00edticas en la gesti\u00f3n de personas en empresas de muy diversa \u00edndole y dimensi\u00f3n (siendo en distintos momentos profesionales el responsable de recursos humanos de compa\u00f1\u00edas como Palacios Alimentaci\u00f3n, Grupo de Bodegas Faustino, Grupo Industrial Starglass\u2026); a su vez, siempre ha combinado la labor empresarial con la de docencia (en diferentes escuelas de negocios y organizaciones empresariales) impartiendo materias relacionadas con la gesti\u00f3n de los recursos humanos y con la tem\u00e1tica de mejora de capacidades profesionales y directivas.<\/p>\n","protected":false},"author":1,"featured_media":0,"parent":0,"menu_order":0,"comment_status":"closed","ping_status":"closed","template":"","meta":{"site-sidebar-layout":"no-sidebar","site-content-layout":"","ast-site-content-layout":"full-width-container","site-content-style":"default","site-sidebar-style":"default","ast-global-header-display":"","ast-banner-title-visibility":"","ast-main-header-display":"","ast-hfb-above-header-display":"","ast-hfb-below-header-display":"","ast-hfb-mobile-header-display":"","site-post-title":"disabled","ast-breadcrumbs-content":"","ast-featured-img":"disabled","footer-sml-layout":"","theme-transparent-header-meta":"","adv-header-id-meta":"","stick-header-meta":"","header-above-stick-meta":"","header-main-stick-meta":"","header-below-stick-meta":"","astra-migrate-meta-layouts":"default","ast-page-background-enabled":"default","ast-page-background-meta":{"desktop":{"background-color":"var(--ast-global-color-4)","background-image":"","background-repeat":"repeat","background-position":"center center","background-size":"auto","background-attachment":"scroll","background-type":"","background-media":"","overlay-type":"","overlay-color":"","overlay-opacity":"","overlay-gradient":""},"tablet":{"background-color":"","background-image":"","background-repeat":"repeat","background-position":"center center","background-size":"auto","background-attachment":"scroll","background-type":"","background-media":"","overlay-type":"","overlay-color":"","overlay-opacity":"","overlay-gradient":""},"mobile":{"background-color":"","background-image":"","background-repeat":"repeat","background-position":"center center","background-size":"auto","background-attachment":"scroll","background-type":"","background-media":"","overlay-type":"","overlay-color":"","overlay-opacity":"","overlay-gradient":""}},"ast-content-background-meta":{"desktop":{"background-color":"var(--ast-global-color-5)","background-image":"","background-repeat":"repeat","background-position":"center center","background-size":"auto","background-attachment":"scroll","background-type":"","background-media":"","overlay-type":"","overlay-color":"","overlay-opacity":"","overlay-gradient":""},"tablet":{"background-color":"var(--ast-global-color-5)","background-image":"","background-repeat":"repeat","background-position":"center center","background-size":"auto","background-attachment":"scroll","background-type":"","background-media":"","overlay-type":"","overlay-color":"","overlay-opacity":"","overlay-gradient":""},"mobile":{"background-color":"var(--ast-global-color-5)","background-image":"","background-repeat":"repeat","background-position":"center center","background-size":"auto","background-attachment":"scroll","background-type":"","background-media":"","overlay-type":"","overlay-color":"","overlay-opacity":"","overlay-gradient":""}},"footnotes":""},"class_list":["post-1789","page","type-page","status-publish","hentry"],"_links":{"self":[{"href":"https:\/\/aifec.eu\/congreso2025\/wp-json\/wp\/v2\/pages\/1789","targetHints":{"allow":["GET"]}}],"collection":[{"href":"https:\/\/aifec.eu\/congreso2025\/wp-json\/wp\/v2\/pages"}],"about":[{"href":"https:\/\/aifec.eu\/congreso2025\/wp-json\/wp\/v2\/types\/page"}],"author":[{"embeddable":true,"href":"https:\/\/aifec.eu\/congreso2025\/wp-json\/wp\/v2\/users\/1"}],"replies":[{"embeddable":true,"href":"https:\/\/aifec.eu\/congreso2025\/wp-json\/wp\/v2\/comments?post=1789"}],"version-history":[{"count":4,"href":"https:\/\/aifec.eu\/congreso2025\/wp-json\/wp\/v2\/pages\/1789\/revisions"}],"predecessor-version":[{"id":1793,"href":"https:\/\/aifec.eu\/congreso2025\/wp-json\/wp\/v2\/pages\/1789\/revisions\/1793"}],"wp:attachment":[{"href":"https:\/\/aifec.eu\/congreso2025\/wp-json\/wp\/v2\/media?parent=1789"}],"curies":[{"name":"wp","href":"https:\/\/api.w.org\/{rel}","templated":true}]}}

David Martín

<div data-elementor-type="wp-page" data-elementor-id="1789" class="elementor elementor-1789" data-elementor-settings="{&quot;ha_cmc_init_switcher&quot;:&quot;no&quot;}">
				<div class="elementor-element elementor-element-ff372d2 e-flex e-con-boxed wpr-particle-no wpr-jarallax-no wpr-parallax-no wpr-sticky-section-no wpr-equal-height-no e-con e-parent" data-id="ff372d2" data-element_type="container" data-e-type="container" data-settings="{&quot;_ha_eqh_enable&quot;:false}">
					<div class="e-con-inner">
		<div class="elementor-element elementor-element-b3c4a9e e-con-full e-flex wpr-particle-no wpr-jarallax-no wpr-parallax-no wpr-sticky-section-no wpr-equal-height-no e-con e-child" data-id="b3c4a9e" data-element_type="container" data-e-type="container" data-settings="{&quot;_ha_eqh_enable&quot;:false}">
				<div class="elementor-element elementor-element-a238f3d elementor-widget elementor-widget-image" data-id="a238f3d" data-element_type="widget" data-e-type="widget" data-widget_type="image.default">
				<div class="elementor-widget-container">
															<img fetchpriority="high" decoding="async" width="479" height="433" src="https://aifec.eu/congreso2025/wp-content/uploads/2025/02/20250225_072034-rotated-e1740583445268.jpeg" class="attachment-large size-large wp-image-1783" alt="" srcset="https://aifec.eu/congreso2025/wp-content/uploads/2025/02/20250225_072034-rotated-e1740583445268.jpeg 479w, https://aifec.eu/congreso2025/wp-content/uploads/2025/02/20250225_072034-rotated-e1740583445268-300x271.jpeg 300w" sizes="(max-width: 479px) 100vw, 479px" />															</div>
				</div>
				</div>
		<div class="elementor-element elementor-element-cea2b9b e-con-full e-flex wpr-particle-no wpr-jarallax-no wpr-parallax-no wpr-sticky-section-no wpr-equal-height-no e-con e-child" data-id="cea2b9b" data-element_type="container" data-e-type="container" data-settings="{&quot;_ha_eqh_enable&quot;:false}">
				<div class="elementor-element elementor-element-4693565 elementor-widget elementor-widget-text-editor" data-id="4693565" data-element_type="widget" data-e-type="widget" data-widget_type="text-editor.default">
				<div class="elementor-widget-container">
									<p>Ponente: David Martín</p><p>Biografía: <strong>Gerente de Selecto RR.HH, es Graduado Social Colegiado y Técnico en Prevención de Riesgos Laborales, Auditor Socio-Laboral, Compliance Officer y Experto en Mediación, además de MBA por ENEB; su experiencia se basa en el desarrollo de departamentos y políticas en la gestión de personas en empresas de muy diversa índole y dimensión (<i>siendo en distintos momentos profesionales el responsable de recursos humanos de compañías como Palacios Alimentación, Grupo de Bodegas Faustino, Grupo Industrial Starglass…</i>); a su vez, siempre ha combinado la labor empresarial con la de docencia (<i>en diferentes escuelas de negocios y organizaciones empresariales</i>) impartiendo materias relacionadas con la gestión de los recursos humanos y con la temática de mejora de capacidades profesionales y directivas.</strong></p>								</div>
				</div>
				</div>
					</div>
				</div>
				</div>

<p>Ponente: David Martín Biografía: Gerente de Selecto RR.HH, es Graduado Social Colegiado y Técnico en Prevención de Riesgos Laborales, Auditor Socio-Laboral, Compliance Officer y Experto en Mediación, además de MBA por ENEB; su experiencia se basa en el desarrollo de departamentos y políticas en la gestión de personas en empresas de muy diversa índole y dimensión (siendo en distintos momentos profesionales el responsable de recursos humanos de compañías como Palacios Alimentación, Grupo de Bodegas Faustino, Grupo Industrial Starglass…); a su vez, siempre ha combinado la labor empresarial con la de docencia (en diferentes escuelas de negocios y organizaciones empresariales) impartiendo materias relacionadas con la gestión de los recursos humanos y con la temática de mejora de capacidades profesionales y directivas.</p>
