{"id":1587,"date":"2025-02-18T10:15:09","date_gmt":"2025-02-18T13:15:09","guid":{"rendered":"https:\/\/aifec.eu\/congreso2025\/?page_id=1587"},"modified":"2025-02-18T10:15:54","modified_gmt":"2025-02-18T13:15:54","slug":"gustavo-entrala","status":"publish","type":"page","link":"https:\/\/aifec.eu\/congreso2025\/gustavo-entrala\/","title":{"rendered":"Gustavo Entrala"},"content":{"rendered":"\t\t<div data-elementor-type=\"wp-page\" data-elementor-id=\"1587\" class=\"elementor elementor-1587\" data-elementor-settings=\"{&quot;ha_cmc_init_switcher&quot;:&quot;no&quot;}\">\n\t\t\t\t<div class=\"elementor-element elementor-element-cb9e823 e-flex e-con-boxed wpr-particle-no wpr-jarallax-no wpr-parallax-no wpr-sticky-section-no wpr-equal-height-no e-con e-parent\" data-id=\"cb9e823\" data-element_type=\"container\" data-e-type=\"container\" data-settings=\"{&quot;_ha_eqh_enable&quot;:false}\">\n\t\t\t\t\t<div class=\"e-con-inner\">\n\t\t<div class=\"elementor-element elementor-element-c9ba1b5 e-con-full e-flex wpr-particle-no wpr-jarallax-no wpr-parallax-no wpr-sticky-section-no wpr-equal-height-no e-con e-child\" data-id=\"c9ba1b5\" data-element_type=\"container\" data-e-type=\"container\" data-settings=\"{&quot;_ha_eqh_enable&quot;:false}\">\n\t\t\t\t<div class=\"elementor-element elementor-element-a8aac75 elementor-widget elementor-widget-image\" data-id=\"a8aac75\" data-element_type=\"widget\" data-e-type=\"widget\" data-widget_type=\"image.default\">\n\t\t\t\t<div class=\"elementor-widget-container\">\n\t\t\t\t\t\t\t\t\t\t\t\t\t\t\t<img fetchpriority=\"high\" decoding=\"async\" width=\"640\" height=\"427\" src=\"https:\/\/aifec.eu\/congreso2025\/wp-content\/uploads\/2025\/02\/Gustavo_Entrala_LLYC-2.jpeg\" class=\"attachment-large size-large wp-image-1575\" alt=\"\" srcset=\"https:\/\/aifec.eu\/congreso2025\/wp-content\/uploads\/2025\/02\/Gustavo_Entrala_LLYC-2.jpeg 640w, https:\/\/aifec.eu\/congreso2025\/wp-content\/uploads\/2025\/02\/Gustavo_Entrala_LLYC-2-300x200.jpeg 300w\" sizes=\"(max-width: 640px) 100vw, 640px\" \/>\t\t\t\t\t\t\t\t\t\t\t\t\t\t\t<\/div>\n\t\t\t\t<\/div>\n\t\t\t\t<\/div>\n\t\t<div class=\"elementor-element elementor-element-766faa2 e-con-full e-flex wpr-particle-no wpr-jarallax-no wpr-parallax-no wpr-sticky-section-no wpr-equal-height-no e-con e-child\" data-id=\"766faa2\" data-element_type=\"container\" data-e-type=\"container\" data-settings=\"{&quot;_ha_eqh_enable&quot;:false}\">\n\t\t\t\t<div class=\"elementor-element elementor-element-2fca2fe elementor-widget elementor-widget-text-editor\" data-id=\"2fca2fe\" data-element_type=\"widget\" data-e-type=\"widget\" data-widget_type=\"text-editor.default\">\n\t\t\t\t<div class=\"elementor-widget-container\">\n\t\t\t\t\t\t\t\t\t<div>Ponente: Gustavo Entrala<\/div><div><i>\u00a0<\/i><\/div><div><i>Biograf\u00eda:<b>\u00a0Entrala es\u00a0especialista en ideaci\u00f3n de productos, estrategias de marca\u00a0y\u00a0cultura de innovaci\u00f3n.\u00a0Ponente habitual en conferencias sobre Publicidad, Marketing y Tendencias. Viaja por el mundo a la caza de ideas, tendencias y formas nuevas de hacer las cosas. Todos los a\u00f1os pasa una temporada larga en Silicon Valley para llevar ideas y proyectos de un lado al otro del Atl\u00e1ntico. Hace workshops y proyectos de consultor\u00eda para grandes marcas e instituciones que quieren evolucionar.\u00a0Hace mentoring con emprendedores con sesiones peri\u00f3dicas de trabajo. Pertenece al Consejo de varias startups en Espa\u00f1a y Latinoam\u00e9rica.<\/b><\/i><\/div><p><b><i>Entrala\u00a0ayud\u00f3 a Benedicto XVI a hacer su primer tuit, y de su agencia parti\u00f3 la idea de crear la cuenta @Pontifex en 2012.\u00a0Fue uno de los\u00a0100 Digital Innovators\u00a0seleccionados por la\u00a0Comisi\u00f3n Europea\u00a0para su iniciativa #RestartEurope.\u00a0Colabora en el programa\u00a0A vivir que son dos d\u00edas\u00a0(Cadena SER), l\u00edder de audiencia los fines de semana en Espa\u00f1a (2,1 millones de audiencia EGM).<\/i><\/b><\/p><p><b><i>Entrala es\u00a0Fundador y miembro del Consejo Asesor de 101, la agencia de publicidad digital que fund\u00f3 en 2001 junto a Carlos Garc\u00eda-Hoz. Fue Director General, CEO y Managing Director de 101 entre 2001 y 2015. Dej\u00f3 101 en abril de 2016.<\/i><\/b><\/p><p><b><i>Entrala ha asesorado desde 101 en su posicionamiento digital a marcas locales y multinacionales de un amplio abanico de sectores en 17 paises. Algunas de las marcas para las que ha trabajado en estos a\u00f1os son\u00a0Diageo (J&amp;B y Johnnie Walker), Moroccanoil (central en NY), Grupo L\u2019Or\u00e9al (Essie y Lancome), Estado del Vaticano, Gobierno de Espa\u00f1a, Laboratorios Janssen (Grupo Johnson&amp;Johnson), El Espa\u00f1ol, Gu\u00eda Repsol, Eulen, Warner Music, Vocento, EMI, H\u00e4agen Dazs, FNAC, Nuez Seguros, Bankinter y Red Bull.<\/i><\/b><\/p><p><b><i>Entre 1994 y 2001, fue uno de los art\u00edfices principales del lanzamiento de los proyectos digitales del Grupo Recoletos (<a href=\"http:\/\/marca.com\/\" target=\"_blank\" rel=\"noopener\" data-saferedirecturl=\"https:\/\/www.google.com\/url?q=http:\/\/marca.com&amp;source=gmail&amp;ust=1739967430583000&amp;usg=AOvVaw2FwZxOWx2r6vzSYytpuXmn\">marca.com<\/a>,\u00a0<a href=\"http:\/\/expansion.com\/\" target=\"_blank\" rel=\"noopener\" data-saferedirecturl=\"https:\/\/www.google.com\/url?q=http:\/\/expansion.com&amp;source=gmail&amp;ust=1739967430583000&amp;usg=AOvVaw3Gwka49Ei1nQjuqgu4jERx\">expansion.com<\/a>,\u00a0<a href=\"http:\/\/telva.com\/\" target=\"_blank\" rel=\"noopener\" data-saferedirecturl=\"https:\/\/www.google.com\/url?q=http:\/\/telva.com&amp;source=gmail&amp;ust=1739967430583000&amp;usg=AOvVaw1DIhhiCJba7CAOsXrPBcqh\">telva.com<\/a>\u2026) en calidad de Subdirector General de Recoletos Compa\u00f1\u00eda de Internet.<\/i><\/b><\/p><p><b><i>Es licenciado en Periodismo por la\u00a0Universidad de Navarra\u00a0y PDG del\u00a0IESE. Tiene el Executive Program de\u00a0Singularity University\u00a0(Silicon Valley). Hizo el programa One on One Marketing impartido por Martha Rogers en la\u00a0Fuqua School of Business\u00a0(Duke University) y ha realizado otros estudios de post-grado en\u00a0Berklee College\u00a0(Boston).<\/i><\/b><\/p><p><b><i>Es miembro de la\u00a0Academia de Publicidad\u00a0y ponente en programas enfocados del IESE. Tambi\u00e9n ha sido ponente en escuelas de negocios como ESE (Chile), IPADE (M\u00e9xico) e ISE (Brasil).<\/i><\/b><\/p><p><b><i>Sus principales aficiones son la lectura, la m\u00fasica y estar con su familia.\u00a0<\/i><\/b><\/p>\t\t\t\t\t\t\t\t<\/div>\n\t\t\t\t<\/div>\n\t\t\t\t<\/div>\n\t\t\t\t\t<\/div>\n\t\t\t\t<\/div>\n\t\t\t\t<\/div>\n\t\t","protected":false},"excerpt":{"rendered":"<p>Ponente: Gustavo Entrala\u00a0Biograf\u00eda:\u00a0Entrala es\u00a0especialista en ideaci\u00f3n de productos, estrategias de marca\u00a0y\u00a0cultura de innovaci\u00f3n.\u00a0Ponente habitual en conferencias sobre Publicidad, Marketing y Tendencias. Viaja por el mundo a la caza de ideas, tendencias y formas nuevas de hacer las cosas. Todos los a\u00f1os pasa una temporada larga en Silicon Valley para llevar ideas y proyectos de un lado al otro del Atl\u00e1ntico. Hace workshops y proyectos de consultor\u00eda para grandes marcas e instituciones que quieren evolucionar.\u00a0Hace mentoring con emprendedores con sesiones peri\u00f3dicas de trabajo. Pertenece al Consejo de varias startups en Espa\u00f1a y Latinoam\u00e9rica. Entrala\u00a0ayud\u00f3 a Benedicto XVI a hacer su primer tuit, y de su agencia parti\u00f3 la idea de crear la cuenta @Pontifex en 2012.\u00a0Fue uno de los\u00a0100 Digital Innovators\u00a0seleccionados por la\u00a0Comisi\u00f3n Europea\u00a0para su iniciativa #RestartEurope.\u00a0Colabora en el programa\u00a0A vivir que son dos d\u00edas\u00a0(Cadena SER), l\u00edder de audiencia los fines de semana en Espa\u00f1a (2,1 millones de audiencia EGM). Entrala es\u00a0Fundador y miembro del Consejo Asesor de 101, la agencia de publicidad digital que fund\u00f3 en 2001 junto a Carlos Garc\u00eda-Hoz. Fue Director General, CEO y Managing Director de 101 entre 2001 y 2015. Dej\u00f3 101 en abril de 2016. Entrala ha asesorado desde 101 en su posicionamiento digital a marcas locales y multinacionales de un amplio abanico de sectores en 17 paises. Algunas de las marcas para las que ha trabajado en estos a\u00f1os son\u00a0Diageo (J&amp;B y Johnnie Walker), Moroccanoil (central en NY), Grupo L\u2019Or\u00e9al (Essie y Lancome), Estado del Vaticano, Gobierno de Espa\u00f1a, Laboratorios Janssen (Grupo Johnson&amp;Johnson), El Espa\u00f1ol, Gu\u00eda Repsol, Eulen, Warner Music, Vocento, EMI, H\u00e4agen Dazs, FNAC, Nuez Seguros, Bankinter y Red Bull. Entre 1994 y 2001, fue uno de los art\u00edfices principales del lanzamiento de los proyectos digitales del Grupo Recoletos (marca.com,\u00a0expansion.com,\u00a0telva.com\u2026) en calidad de Subdirector General de Recoletos Compa\u00f1\u00eda de Internet. Es licenciado en Periodismo por la\u00a0Universidad de Navarra\u00a0y PDG del\u00a0IESE. Tiene el Executive Program de\u00a0Singularity University\u00a0(Silicon Valley). Hizo el programa One on One Marketing impartido por Martha Rogers en la\u00a0Fuqua School of Business\u00a0(Duke University) y ha realizado otros estudios de post-grado en\u00a0Berklee College\u00a0(Boston). Es miembro de la\u00a0Academia de Publicidad\u00a0y ponente en programas enfocados del IESE. Tambi\u00e9n ha sido ponente en escuelas de negocios como ESE (Chile), IPADE (M\u00e9xico) e ISE (Brasil). Sus principales aficiones son la lectura, la m\u00fasica y estar con su familia.\u00a0<\/p>\n","protected":false},"author":1,"featured_media":0,"parent":0,"menu_order":0,"comment_status":"closed","ping_status":"closed","template":"","meta":{"site-sidebar-layout":"no-sidebar","site-content-layout":"","ast-site-content-layout":"full-width-container","site-content-style":"default","site-sidebar-style":"default","ast-global-header-display":"","ast-banner-title-visibility":"","ast-main-header-display":"","ast-hfb-above-header-display":"","ast-hfb-below-header-display":"","ast-hfb-mobile-header-display":"","site-post-title":"disabled","ast-breadcrumbs-content":"","ast-featured-img":"disabled","footer-sml-layout":"","theme-transparent-header-meta":"","adv-header-id-meta":"","stick-header-meta":"","header-above-stick-meta":"","header-main-stick-meta":"","header-below-stick-meta":"","astra-migrate-meta-layouts":"default","ast-page-background-enabled":"default","ast-page-background-meta":{"desktop":{"background-color":"var(--ast-global-color-4)","background-image":"","background-repeat":"repeat","background-position":"center center","background-size":"auto","background-attachment":"scroll","background-type":"","background-media":"","overlay-type":"","overlay-color":"","overlay-opacity":"","overlay-gradient":""},"tablet":{"background-color":"","background-image":"","background-repeat":"repeat","background-position":"center center","background-size":"auto","background-attachment":"scroll","background-type":"","background-media":"","overlay-type":"","overlay-color":"","overlay-opacity":"","overlay-gradient":""},"mobile":{"background-color":"","background-image":"","background-repeat":"repeat","background-position":"center center","background-size":"auto","background-attachment":"scroll","background-type":"","background-media":"","overlay-type":"","overlay-color":"","overlay-opacity":"","overlay-gradient":""}},"ast-content-background-meta":{"desktop":{"background-color":"var(--ast-global-color-5)","background-image":"","background-repeat":"repeat","background-position":"center center","background-size":"auto","background-attachment":"scroll","background-type":"","background-media":"","overlay-type":"","overlay-color":"","overlay-opacity":"","overlay-gradient":""},"tablet":{"background-color":"var(--ast-global-color-5)","background-image":"","background-repeat":"repeat","background-position":"center center","background-size":"auto","background-attachment":"scroll","background-type":"","background-media":"","overlay-type":"","overlay-color":"","overlay-opacity":"","overlay-gradient":""},"mobile":{"background-color":"var(--ast-global-color-5)","background-image":"","background-repeat":"repeat","background-position":"center center","background-size":"auto","background-attachment":"scroll","background-type":"","background-media":"","overlay-type":"","overlay-color":"","overlay-opacity":"","overlay-gradient":""}},"footnotes":""},"class_list":["post-1587","page","type-page","status-publish","hentry"],"_links":{"self":[{"href":"https:\/\/aifec.eu\/congreso2025\/wp-json\/wp\/v2\/pages\/1587","targetHints":{"allow":["GET"]}}],"collection":[{"href":"https:\/\/aifec.eu\/congreso2025\/wp-json\/wp\/v2\/pages"}],"about":[{"href":"https:\/\/aifec.eu\/congreso2025\/wp-json\/wp\/v2\/types\/page"}],"author":[{"embeddable":true,"href":"https:\/\/aifec.eu\/congreso2025\/wp-json\/wp\/v2\/users\/1"}],"replies":[{"embeddable":true,"href":"https:\/\/aifec.eu\/congreso2025\/wp-json\/wp\/v2\/comments?post=1587"}],"version-history":[{"count":4,"href":"https:\/\/aifec.eu\/congreso2025\/wp-json\/wp\/v2\/pages\/1587\/revisions"}],"predecessor-version":[{"id":1591,"href":"https:\/\/aifec.eu\/congreso2025\/wp-json\/wp\/v2\/pages\/1587\/revisions\/1591"}],"wp:attachment":[{"href":"https:\/\/aifec.eu\/congreso2025\/wp-json\/wp\/v2\/media?parent=1587"}],"curies":[{"name":"wp","href":"https:\/\/api.w.org\/{rel}","templated":true}]}}

<div data-elementor-type="wp-page" data-elementor-id="1587" class="elementor elementor-1587" data-elementor-settings="{&quot;ha_cmc_init_switcher&quot;:&quot;no&quot;}">
				<div class="elementor-element elementor-element-cb9e823 e-flex e-con-boxed wpr-particle-no wpr-jarallax-no wpr-parallax-no wpr-sticky-section-no wpr-equal-height-no e-con e-parent" data-id="cb9e823" data-element_type="container" data-e-type="container" data-settings="{&quot;_ha_eqh_enable&quot;:false}">
					<div class="e-con-inner">
		<div class="elementor-element elementor-element-c9ba1b5 e-con-full e-flex wpr-particle-no wpr-jarallax-no wpr-parallax-no wpr-sticky-section-no wpr-equal-height-no e-con e-child" data-id="c9ba1b5" data-element_type="container" data-e-type="container" data-settings="{&quot;_ha_eqh_enable&quot;:false}">
				<div class="elementor-element elementor-element-a8aac75 elementor-widget elementor-widget-image" data-id="a8aac75" data-element_type="widget" data-e-type="widget" data-widget_type="image.default">
				<div class="elementor-widget-container">
															<img fetchpriority="high" decoding="async" width="640" height="427" src="https://aifec.eu/congreso2025/wp-content/uploads/2025/02/Gustavo_Entrala_LLYC-2.jpeg" class="attachment-large size-large wp-image-1575" alt="" srcset="https://aifec.eu/congreso2025/wp-content/uploads/2025/02/Gustavo_Entrala_LLYC-2.jpeg 640w, https://aifec.eu/congreso2025/wp-content/uploads/2025/02/Gustavo_Entrala_LLYC-2-300x200.jpeg 300w" sizes="(max-width: 640px) 100vw, 640px" />															</div>
				</div>
				</div>
		<div class="elementor-element elementor-element-766faa2 e-con-full e-flex wpr-particle-no wpr-jarallax-no wpr-parallax-no wpr-sticky-section-no wpr-equal-height-no e-con e-child" data-id="766faa2" data-element_type="container" data-e-type="container" data-settings="{&quot;_ha_eqh_enable&quot;:false}">
				<div class="elementor-element elementor-element-2fca2fe elementor-widget elementor-widget-text-editor" data-id="2fca2fe" data-element_type="widget" data-e-type="widget" data-widget_type="text-editor.default">
				<div class="elementor-widget-container">
									<div>Ponente: Gustavo Entrala</div><div><i> </i></div><div><i>Biografía:<b> Entrala es especialista en ideación de productos, estrategias de marca y cultura de innovación. Ponente habitual en conferencias sobre Publicidad, Marketing y Tendencias. Viaja por el mundo a la caza de ideas, tendencias y formas nuevas de hacer las cosas. Todos los años pasa una temporada larga en Silicon Valley para llevar ideas y proyectos de un lado al otro del Atlántico. Hace workshops y proyectos de consultoría para grandes marcas e instituciones que quieren evolucionar. Hace mentoring con emprendedores con sesiones periódicas de trabajo. Pertenece al Consejo de varias startups en España y Latinoamérica.</b></i></div><p><b><i>Entrala ayudó a Benedicto XVI a hacer su primer tuit, y de su agencia partió la idea de crear la cuenta @Pontifex en 2012. Fue uno de los 100 Digital Innovators seleccionados por la Comisión Europea para su iniciativa #RestartEurope. Colabora en el programa A vivir que son dos días (Cadena SER), líder de audiencia los fines de semana en España (2,1 millones de audiencia EGM).</i></b></p><p><b><i>Entrala es Fundador y miembro del Consejo Asesor de 101, la agencia de publicidad digital que fundó en 2001 junto a Carlos García-Hoz. Fue Director General, CEO y Managing Director de 101 entre 2001 y 2015. Dejó 101 en abril de 2016.</i></b></p><p><b><i>Entrala ha asesorado desde 101 en su posicionamiento digital a marcas locales y multinacionales de un amplio abanico de sectores en 17 paises. Algunas de las marcas para las que ha trabajado en estos años son Diageo (J&amp;B y Johnnie Walker), Moroccanoil (central en NY), Grupo L’Oréal (Essie y Lancome), Estado del Vaticano, Gobierno de España, Laboratorios Janssen (Grupo Johnson&amp;Johnson), El Español, Guía Repsol, Eulen, Warner Music, Vocento, EMI, Häagen Dazs, FNAC, Nuez Seguros, Bankinter y Red Bull.</i></b></p><p><b><i>Entre 1994 y 2001, fue uno de los artífices principales del lanzamiento de los proyectos digitales del Grupo Recoletos (<a href="http://marca.com/" target="_blank" rel="noopener" data-saferedirecturl="https://www.google.com/url?q=http://marca.com&amp;source=gmail&amp;ust=1739967430583000&amp;usg=AOvVaw2FwZxOWx2r6vzSYytpuXmn">marca.com</a>, <a href="http://expansion.com/" target="_blank" rel="noopener" data-saferedirecturl="https://www.google.com/url?q=http://expansion.com&amp;source=gmail&amp;ust=1739967430583000&amp;usg=AOvVaw3Gwka49Ei1nQjuqgu4jERx">expansion.com</a>, <a href="http://telva.com/" target="_blank" rel="noopener" data-saferedirecturl="https://www.google.com/url?q=http://telva.com&amp;source=gmail&amp;ust=1739967430583000&amp;usg=AOvVaw1DIhhiCJba7CAOsXrPBcqh">telva.com</a>…) en calidad de Subdirector General de Recoletos Compañía de Internet.</i></b></p><p><b><i>Es licenciado en Periodismo por la Universidad de Navarra y PDG del IESE. Tiene el Executive Program de Singularity University (Silicon Valley). Hizo el programa One on One Marketing impartido por Martha Rogers en la Fuqua School of Business (Duke University) y ha realizado otros estudios de post-grado en Berklee College (Boston).</i></b></p><p><b><i>Es miembro de la Academia de Publicidad y ponente en programas enfocados del IESE. También ha sido ponente en escuelas de negocios como ESE (Chile), IPADE (México) e ISE (Brasil).</i></b></p><p><b><i>Sus principales aficiones son la lectura, la música y estar con su familia. </i></b></p>								</div>
				</div>
				</div>
					</div>
				</div>
				</div>

<p>Ponente: Gustavo Entrala Biografía: Entrala es especialista en ideación de productos, estrategias de marca y cultura de innovación. Ponente habitual en conferencias sobre Publicidad, Marketing y Tendencias. Viaja por el mundo a la caza de ideas, tendencias y formas nuevas de hacer las cosas. Todos los años pasa una temporada larga en Silicon Valley para llevar ideas y proyectos de un lado al otro del Atlántico. Hace workshops y proyectos de consultoría para grandes marcas e instituciones que quieren evolucionar. Hace mentoring con emprendedores con sesiones periódicas de trabajo. Pertenece al Consejo de varias startups en España y Latinoamérica. Entrala ayudó a Benedicto XVI a hacer su primer tuit, y de su agencia partió la idea de crear la cuenta @Pontifex en 2012. Fue uno de los 100 Digital Innovators seleccionados por la Comisión Europea para su iniciativa #RestartEurope. Colabora en el programa A vivir que son dos días (Cadena SER), líder de audiencia los fines de semana en España (2,1 millones de audiencia EGM). Entrala es Fundador y miembro del Consejo Asesor de 101, la agencia de publicidad digital que fundó en 2001 junto a Carlos García-Hoz. Fue Director General, CEO y Managing Director de 101 entre 2001 y 2015. Dejó 101 en abril de 2016. Entrala ha asesorado desde 101 en su posicionamiento digital a marcas locales y multinacionales de un amplio abanico de sectores en 17 paises. Algunas de las marcas para las que ha trabajado en estos años son Diageo (J&amp;B y Johnnie Walker), Moroccanoil (central en NY), Grupo L’Oréal (Essie y Lancome), Estado del Vaticano, Gobierno de España, Laboratorios Janssen (Grupo Johnson&amp;Johnson), El Español, Guía Repsol, Eulen, Warner Music, Vocento, EMI, Häagen Dazs, FNAC, Nuez Seguros, Bankinter y Red Bull. Entre 1994 y 2001, fue uno de los artífices principales del lanzamiento de los proyectos digitales del Grupo Recoletos (marca.com, expansion.com, telva.com…) en calidad de Subdirector General de Recoletos Compañía de Internet. Es licenciado en Periodismo por la Universidad de Navarra y PDG del IESE. Tiene el Executive Program de Singularity University (Silicon Valley). Hizo el programa One on One Marketing impartido por Martha Rogers en la Fuqua School of Business (Duke University) y ha realizado otros estudios de post-grado en Berklee College (Boston). Es miembro de la Academia de Publicidad y ponente en programas enfocados del IESE. También ha sido ponente en escuelas de negocios como ESE (Chile), IPADE (México) e ISE (Brasil). Sus principales aficiones son la lectura, la música y estar con su familia. </p>
