{"id":917,"date":"2022-05-11T06:42:35","date_gmt":"2022-05-11T06:42:35","guid":{"rendered":"https:\/\/aifec.eu\/congreso2023\/?page_id=917"},"modified":"2023-02-21T10:57:16","modified_gmt":"2023-02-21T10:57:16","slug":"hotel-portugues","status":"publish","type":"page","link":"https:\/\/aifec.eu\/congreso2023\/?page_id=917&lang=pt","title":{"rendered":"Hotel &#8211; Portugu\u00eas"},"content":{"rendered":"<p><div class=\"fusion-fullwidth fullwidth-box fusion-builder-row-1 fusion-flex-container nonhundred-percent-fullwidth non-hundred-percent-height-scrolling\" style=\"background-color: rgba(255,255,255,0);background-position: center center;background-repeat: no-repeat;border-width: 0px 0px 0px 0px;border-color:#e2e2e2;border-style:solid;\" ><div class=\"fusion-builder-row fusion-row fusion-flex-align-items-flex-start\" style=\"max-width:1248px;margin-left: calc(-4% \/ 2 );margin-right: calc(-4% \/ 2 );\"><div class=\"fusion-layout-column fusion_builder_column fusion-builder-column-0 fusion_builder_column_1_1 1_1 fusion-flex-column\"><div class=\"fusion-column-wrapper fusion-flex-justify-content-flex-start fusion-content-layout-column\" style=\"background-position:left top;background-repeat:no-repeat;-webkit-background-size:cover;-moz-background-size:cover;-o-background-size:cover;background-size:cover;padding: 0px 0px 0px 0px;\"><div class=\"fusion-text fusion-text-1\" style=\"transform:translate3d(0,0,0);\"><div class=\"fusion-text fusion-text-1 fusion-animated\" data-animationtype=\"zoomInLeft\" data-animationduration=\"1.1\" data-animationoffset=\"100%\">\n<h3 class=\"\" style=\"text-align: center;\" data-fontsize=\"32\" data-lineheight=\"41.599998474121094px\">Hotel du Golf Rotana<\/h3>\n<\/div>\n<div class=\"fusion-text fusion-text-2\">\n<p>O Hotel du Golf Rotana est\u00e1 idealmente localizado em um ambiente magn\u00edfico na ex\u00f3tica cidade de Marrakech.<\/p>\n<p>Localizado no luxuoso Palmeraie Resort e projetado pelo famoso arquiteto Fr\u00e9d\u00e9ric Bekas e decorador Jean-Baptiste Barian, este magn\u00edfico hotel de 5 estrelas combina a tradicional hospitalidade marroquina com as comodidades modernas e oferece 315 quartos confort\u00e1veis com servi\u00e7os inovadores.<\/p>\n<p>Os h\u00f3spedes do Hotel du Golf desfrutam de uma sele\u00e7\u00e3o de deliciosos restaurantes e bares, um clube infantil, um centro de bem-estar e fitness, muitas oportunidades para praticar golfe e muito mais.<\/p>\n<p>Servi\u00e7os:<\/p>\n<p>Entre em um ref\u00fagio de calma e tranquilidade no luxuoso Zen the spa do Palmeraie Rotana Resort em Marrakech, um centro de bem-estar de 5.000 m\u00b2 onde relaxar e harmonizar corpo e mente. Este santu\u00e1rio refinado, que combina luxo, design marroquino e arquitetura moderna, oferece tratamentos orientais baseados em produtos naturais marroquinos e uma ampla gama de tratamentos corporais e faciais.<\/p>\n<p>Zen the spa del Palmeraie Rotana Resort est\u00e1 equipado com 16 salas de tratamento, incluindo uma cabine dupla, uma sauna, tr\u00eas hammams marroquinos tradicionais, duas jacuzzis, uma piscina interior aquecida e quatro salas de relaxamento, que tamb\u00e9m contam com uma \u00e1rea de consulta privada. Uma su\u00edte privada dispon\u00edvel para casais, a escolha perfeita para uma escapadela de bem-estar em Marrakech.<\/p>\n<p>Zen the spa em Rotana est\u00e1 aberto diariamente das 9:00 \u00e0s. m. \u00e0s 9:00 p. m.<\/p>\n<p>Recomendamos reservar com anteced\u00eancia a partir deste telefone: +212(0) 36 87 97 Ext: 7102 ou enviar um email para: enspa.palmeraie@rotana.com<\/p>\n<\/div>\n<\/div><\/div><\/div><style type=\"text\/css\">.fusion-body .fusion-builder-column-0{width:100% !important;margin-top : 0px;margin-bottom : 20px;}.fusion-builder-column-0 > .fusion-column-wrapper {padding-top : 0px !important;padding-right : 0px !important;margin-right : 1.92%;padding-bottom : 0px !important;padding-left : 0px !important;margin-left : 1.92%;}@media only screen and (max-width:1024px) {.fusion-body .fusion-builder-column-0{width:100% !important;order : 0;}.fusion-builder-column-0 > .fusion-column-wrapper {margin-right : 1.92%;margin-left : 1.92%;}}@media only screen and (max-width:640px) {.fusion-body .fusion-builder-column-0{width:100% !important;order : 0;}.fusion-builder-column-0 > .fusion-column-wrapper {margin-right : 1.92%;margin-left : 1.92%;}}<\/style><div class=\"fusion-layout-column fusion_builder_column fusion-builder-column-1 fusion_builder_column_1_1 1_1 fusion-flex-column\"><div class=\"fusion-column-wrapper fusion-flex-justify-content-flex-start fusion-content-layout-column\" style=\"background-position:left top;background-repeat:no-repeat;-webkit-background-size:cover;-moz-background-size:cover;-o-background-size:cover;background-size:cover;padding: 0px 0px 0px 0px;\"><div class=\"fusion-video fusion-youtube\" style=\"max-width:600px;max-height:360px;align-self:center; width:100%\"><div class=\"video-shortcode\"><iframe title=\"YouTube video player\" src=\"https:\/\/www.youtube.com\/embed\/n_giqpwGR2Y?wmode=transparent&autoplay=0\" width=\"600\" height=\"360\" allowfullscreen allow=\"autoplay; fullscreen\"><\/iframe><\/div><\/div><\/div><\/div><style type=\"text\/css\">.fusion-body .fusion-builder-column-1{width:100% !important;margin-top : 0px;margin-bottom : 20px;}.fusion-builder-column-1 > .fusion-column-wrapper {padding-top : 0px !important;padding-right : 0px !important;margin-right : 1.92%;padding-bottom : 0px !important;padding-left : 0px !important;margin-left : 1.92%;}@media only screen and (max-width:1024px) {.fusion-body .fusion-builder-column-1{width:100% !important;order : 0;}.fusion-builder-column-1 > .fusion-column-wrapper {margin-right : 1.92%;margin-left : 1.92%;}}@media only screen and (max-width:640px) {.fusion-body .fusion-builder-column-1{width:100% !important;order : 0;}.fusion-builder-column-1 > .fusion-column-wrapper {margin-right : 1.92%;margin-left : 1.92%;}}<\/style><\/div><style type=\"text\/css\">.fusion-body .fusion-flex-container.fusion-builder-row-1{ padding-top : 0px;margin-top : 0px;padding-right : 0px;padding-bottom : 0px;margin-bottom : 0px;padding-left : 0px;}<\/style><\/div><div class=\"fusion-fullwidth fullwidth-box fusion-builder-row-2 fusion-flex-container nonhundred-percent-fullwidth non-hundred-percent-height-scrolling\" style=\"background-color: rgba(255,255,255,0);background-position: center center;background-repeat: no-repeat;border-width: 0px 0px 0px 0px;border-color:#e2e2e2;border-style:solid;\" ><div class=\"fusion-builder-row fusion-row fusion-flex-align-items-flex-start\" style=\"max-width:1248px;margin-left: calc(-4% \/ 2 );margin-right: calc(-4% \/ 2 );\"><div class=\"fusion-layout-column fusion_builder_column fusion-builder-column-2 fusion_builder_column_1_1 1_1 fusion-flex-column\"><div class=\"fusion-column-wrapper fusion-flex-justify-content-flex-start fusion-content-layout-column\" style=\"background-position:left top;background-repeat:no-repeat;-webkit-background-size:cover;-moz-background-size:cover;-o-background-size:cover;background-size:cover;padding: 0px 0px 0px 0px;\"><div class=\"fusion-text fusion-text-2\" style=\"transform:translate3d(0,0,0);\"><h1 style=\"text-align: center;\">Fotos<\/h1>\n<\/div><\/div><\/div><style type=\"text\/css\">.fusion-body .fusion-builder-column-2{width:100% !important;margin-top : 0px;margin-bottom : 20px;}.fusion-builder-column-2 > .fusion-column-wrapper {padding-top : 0px !important;padding-right : 0px !important;margin-right : 1.92%;padding-bottom : 0px !important;padding-left : 0px !important;margin-left : 1.92%;}@media only screen and (max-width:1024px) {.fusion-body .fusion-builder-column-2{width:100% !important;order : 0;}.fusion-builder-column-2 > .fusion-column-wrapper {margin-right : 1.92%;margin-left : 1.92%;}}@media only screen and (max-width:640px) {.fusion-body .fusion-builder-column-2{width:100% !important;order : 0;}.fusion-builder-column-2 > .fusion-column-wrapper {margin-right : 1.92%;margin-left : 1.92%;}}<\/style><\/div><style type=\"text\/css\">.fusion-body .fusion-flex-container.fusion-builder-row-2{ padding-top : 0px;margin-top : 0px;padding-right : 0px;padding-bottom : 0px;margin-bottom : 0px;padding-left : 0px;}<\/style><\/div><div class=\"fusion-fullwidth fullwidth-box fusion-builder-row-3 fusion-flex-container nonhundred-percent-fullwidth non-hundred-percent-height-scrolling\" style=\"background-color: rgba(255,255,255,0);background-position: center center;background-repeat: no-repeat;border-width: 0px 0px 0px 0px;border-color:#e2e2e2;border-style:solid;\" ><div class=\"fusion-builder-row fusion-row fusion-flex-align-items-flex-start\" style=\"max-width:1248px;margin-left: calc(-4% \/ 2 );margin-right: calc(-4% \/ 2 );\"><div class=\"fusion-layout-column fusion_builder_column fusion-builder-column-3 fusion_builder_column_1_1 1_1 fusion-flex-column\"><div class=\"fusion-column-wrapper fusion-flex-justify-content-flex-start fusion-content-layout-column\" style=\"background-position:left top;background-repeat:no-repeat;-webkit-background-size:cover;-moz-background-size:cover;-o-background-size:cover;background-size:cover;padding: 0px 0px 0px 0px;\"><div class=\"fusion-slider-sc\"><div class=\"fusion-flexslider-loading flexslider flexslider-hover-type-none\" data-slideshow_autoplay=\"1\" data-slideshow_smooth_height=\"0\" data-slideshow_speed=\"7000\" style=\"max-width:100%;height:100%;\"><ul class=\"slides\"><li class=\"image\"><span class=\"fusion-image-hover-element hover-type-none\"><img decoding=\"async\" src=\"https:\/\/aifec.eu\/congreso2023\/wp-content\/uploads\/2023\/01\/golf_club_rotana_at_a_glance_2_O.jpg.webp\" width=\"922\" height=\"519\" class=\"wp-image-1013\" srcset=\"https:\/\/aifec.eu\/congreso2023\/wp-content\/uploads\/2023\/01\/golf_club_rotana_at_a_glance_2_O.jpg-200x113.webp 200w, https:\/\/aifec.eu\/congreso2023\/wp-content\/uploads\/2023\/01\/golf_club_rotana_at_a_glance_2_O.jpg-300x169.webp 300w, https:\/\/aifec.eu\/congreso2023\/wp-content\/uploads\/2023\/01\/golf_club_rotana_at_a_glance_2_O.jpg-400x225.webp 400w, https:\/\/aifec.eu\/congreso2023\/wp-content\/uploads\/2023\/01\/golf_club_rotana_at_a_glance_2_O.jpg-600x338.webp 600w, https:\/\/aifec.eu\/congreso2023\/wp-content\/uploads\/2023\/01\/golf_club_rotana_at_a_glance_2_O.jpg-768x432.webp 768w, https:\/\/aifec.eu\/congreso2023\/wp-content\/uploads\/2023\/01\/golf_club_rotana_at_a_glance_2_O.jpg-800x450.webp 800w, https:\/\/aifec.eu\/congreso2023\/wp-content\/uploads\/2023\/01\/golf_club_rotana_at_a_glance_2_O.jpg.webp 922w\" sizes=\"(max-width: 640px) 100vw, 922px\" \/><\/span><\/li><li class=\"image\"><span class=\"fusion-image-hover-element hover-type-none\"><img decoding=\"async\" src=\"https:\/\/aifec.eu\/congreso2023\/wp-content\/uploads\/2023\/01\/hotelimages-hotel-du-golf-3128856-1.jpg\" width=\"840\" height=\"460\" class=\"wp-image-1015\" srcset=\"https:\/\/aifec.eu\/congreso2023\/wp-content\/uploads\/2023\/01\/hotelimages-hotel-du-golf-3128856-1-200x110.jpg 200w, https:\/\/aifec.eu\/congreso2023\/wp-content\/uploads\/2023\/01\/hotelimages-hotel-du-golf-3128856-1-400x219.jpg 400w, https:\/\/aifec.eu\/congreso2023\/wp-content\/uploads\/2023\/01\/hotelimages-hotel-du-golf-3128856-1-600x329.jpg 600w, https:\/\/aifec.eu\/congreso2023\/wp-content\/uploads\/2023\/01\/hotelimages-hotel-du-golf-3128856-1-800x438.jpg 800w, https:\/\/aifec.eu\/congreso2023\/wp-content\/uploads\/2023\/01\/hotelimages-hotel-du-golf-3128856-1.jpg 840w\" sizes=\"(max-width: 640px) 100vw, 840px\" \/><\/span><\/li><li class=\"image\"><span class=\"fusion-image-hover-element hover-type-none\"><img decoding=\"async\" src=\"https:\/\/aifec.eu\/congreso2023\/wp-content\/uploads\/2023\/01\/hotel-du-golf-rotana-8.webp\" width=\"1242\" height=\"853\" class=\"wp-image-1016\" srcset=\"https:\/\/aifec.eu\/congreso2023\/wp-content\/uploads\/2023\/01\/hotel-du-golf-rotana-8-200x137.webp 200w, https:\/\/aifec.eu\/congreso2023\/wp-content\/uploads\/2023\/01\/hotel-du-golf-rotana-8-300x206.webp 300w, https:\/\/aifec.eu\/congreso2023\/wp-content\/uploads\/2023\/01\/hotel-du-golf-rotana-8-400x275.webp 400w, https:\/\/aifec.eu\/congreso2023\/wp-content\/uploads\/2023\/01\/hotel-du-golf-rotana-8-600x412.webp 600w, https:\/\/aifec.eu\/congreso2023\/wp-content\/uploads\/2023\/01\/hotel-du-golf-rotana-8-768x527.webp 768w, https:\/\/aifec.eu\/congreso2023\/wp-content\/uploads\/2023\/01\/hotel-du-golf-rotana-8-800x549.webp 800w, https:\/\/aifec.eu\/congreso2023\/wp-content\/uploads\/2023\/01\/hotel-du-golf-rotana-8-1024x703.webp 1024w, https:\/\/aifec.eu\/congreso2023\/wp-content\/uploads\/2023\/01\/hotel-du-golf-rotana-8-1200x824.webp 1200w, https:\/\/aifec.eu\/congreso2023\/wp-content\/uploads\/2023\/01\/hotel-du-golf-rotana-8.webp 1242w\" sizes=\"(max-width: 640px) 100vw, 1200px\" \/><\/span><\/li><li class=\"image\"><span class=\"fusion-image-hover-element hover-type-none\"><img decoding=\"async\" src=\"https:\/\/aifec.eu\/congreso2023\/wp-content\/uploads\/2023\/01\/hotel-du-golf-rotana-palmeraie-general-c5d0082.jpg\" width=\"1000\" height=\"667\" class=\"wp-image-1080\" srcset=\"https:\/\/aifec.eu\/congreso2023\/wp-content\/uploads\/2023\/01\/hotel-du-golf-rotana-palmeraie-general-c5d0082-200x133.jpg 200w, https:\/\/aifec.eu\/congreso2023\/wp-content\/uploads\/2023\/01\/hotel-du-golf-rotana-palmeraie-general-c5d0082-400x267.jpg 400w, https:\/\/aifec.eu\/congreso2023\/wp-content\/uploads\/2023\/01\/hotel-du-golf-rotana-palmeraie-general-c5d0082-600x400.jpg 600w, https:\/\/aifec.eu\/congreso2023\/wp-content\/uploads\/2023\/01\/hotel-du-golf-rotana-palmeraie-general-c5d0082-800x534.jpg 800w, https:\/\/aifec.eu\/congreso2023\/wp-content\/uploads\/2023\/01\/hotel-du-golf-rotana-palmeraie-general-c5d0082.jpg 1000w\" sizes=\"(max-width: 640px) 100vw, 1000px\" \/><\/span><\/li><li class=\"image\"><span class=\"fusion-image-hover-element hover-type-none\"><img decoding=\"async\" src=\"https:\/\/aifec.eu\/congreso2023\/wp-content\/uploads\/2023\/01\/spa-cabin.jpg\" width=\"550\" height=\"440\" class=\"wp-image-1081\" srcset=\"https:\/\/aifec.eu\/congreso2023\/wp-content\/uploads\/2023\/01\/spa-cabin-200x160.jpg 200w, https:\/\/aifec.eu\/congreso2023\/wp-content\/uploads\/2023\/01\/spa-cabin-400x320.jpg 400w, https:\/\/aifec.eu\/congreso2023\/wp-content\/uploads\/2023\/01\/spa-cabin.jpg 550w\" sizes=\"(max-width: 640px) 100vw, 550px\" \/><\/span><\/li><li class=\"image\"><span class=\"fusion-image-hover-element hover-type-none\"><img decoding=\"async\" src=\"https:\/\/aifec.eu\/congreso2023\/wp-content\/uploads\/2023\/01\/swimming-pool.jpg\" width=\"700\" height=\"467\" class=\"wp-image-1084\" srcset=\"https:\/\/aifec.eu\/congreso2023\/wp-content\/uploads\/2023\/01\/swimming-pool-200x133.jpg 200w, https:\/\/aifec.eu\/congreso2023\/wp-content\/uploads\/2023\/01\/swimming-pool-400x267.jpg 400w, https:\/\/aifec.eu\/congreso2023\/wp-content\/uploads\/2023\/01\/swimming-pool-600x400.jpg 600w, https:\/\/aifec.eu\/congreso2023\/wp-content\/uploads\/2023\/01\/swimming-pool.jpg 700w\" sizes=\"(max-width: 640px) 100vw, 700px\" \/><\/span><\/li><\/ul><\/div><\/div><\/div><\/div><style type=\"text\/css\">.fusion-body .fusion-builder-column-3{width:100% !important;margin-top : 0px;margin-bottom : 20px;}.fusion-builder-column-3 > .fusion-column-wrapper {padding-top : 0px !important;padding-right : 0px !important;margin-right : 1.92%;padding-bottom : 0px !important;padding-left : 0px !important;margin-left : 1.92%;}@media only screen and (max-width:1024px) {.fusion-body .fusion-builder-column-3{width:100% !important;order : 0;}.fusion-builder-column-3 > .fusion-column-wrapper {margin-right : 1.92%;margin-left : 1.92%;}}@media only screen and (max-width:640px) {.fusion-body .fusion-builder-column-3{width:100% !important;order : 0;}.fusion-builder-column-3 > .fusion-column-wrapper {margin-right : 1.92%;margin-left : 1.92%;}}<\/style><\/div><style type=\"text\/css\">.fusion-body .fusion-flex-container.fusion-builder-row-3{ padding-top : 0px;margin-top : 0px;padding-right : 0px;padding-bottom : 0px;margin-bottom : 0px;padding-left : 0px;}<\/style><\/div><div class=\"fusion-fullwidth fullwidth-box fusion-builder-row-4 fusion-flex-container nonhundred-percent-fullwidth non-hundred-percent-height-scrolling\" style=\"background-color: rgba(255,255,255,0);background-position: center center;background-repeat: no-repeat;border-width: 0px 0px 0px 0px;border-color:#e2e2e2;border-style:solid;\" ><div class=\"fusion-builder-row fusion-row fusion-flex-align-items-flex-start\" style=\"max-width:1248px;margin-left: calc(-4% \/ 2 );margin-right: calc(-4% \/ 2 );\"><div class=\"fusion-layout-column fusion_builder_column fusion-builder-column-4 fusion_builder_column_1_1 1_1 fusion-flex-column\"><div class=\"fusion-column-wrapper fusion-flex-justify-content-flex-start fusion-content-layout-column\" style=\"background-position:left top;background-repeat:no-repeat;-webkit-background-size:cover;-moz-background-size:cover;-o-background-size:cover;background-size:cover;padding: 0px 0px 0px 0px;\"><div class=\"fusion-text fusion-text-3\" style=\"transform:translate3d(0,0,0);\"><h3 class=\"fusion-responsive-typography-calculated\" style=\"text-align: center;\" data-fontsize=\"32\" data-lineheight=\"41.599998474121094px\">\n<p>Dire\u00e7\u00e3o<\/p>\n<\/h3>\n<p style=\"text-align: center;\">Circuit de la Palmeraie<\/p>\n<p style=\"text-align: center;\">Marrakech<\/p>\n<p style=\"text-align: center;\">40000<\/p>\n<p style=\"text-align: center;\">Marruecos<\/p>\n<\/div><\/div><\/div><style type=\"text\/css\">.fusion-body .fusion-builder-column-4{width:100% !important;margin-top : 0px;margin-bottom : 20px;}.fusion-builder-column-4 > .fusion-column-wrapper {padding-top : 0px !important;padding-right : 0px !important;margin-right : 1.92%;padding-bottom : 0px !important;padding-left : 0px !important;margin-left : 1.92%;}@media only screen and (max-width:1024px) {.fusion-body .fusion-builder-column-4{width:100% !important;order : 0;}.fusion-builder-column-4 > .fusion-column-wrapper {margin-right : 1.92%;margin-left : 1.92%;}}@media only screen and (max-width:640px) {.fusion-body .fusion-builder-column-4{width:100% !important;order : 0;}.fusion-builder-column-4 > .fusion-column-wrapper {margin-right : 1.92%;margin-left : 1.92%;}}<\/style><\/div><style type=\"text\/css\">.fusion-body .fusion-flex-container.fusion-builder-row-4{ padding-top : 0px;margin-top : 0px;padding-right : 0px;padding-bottom : 0px;margin-bottom : 0px;padding-left : 0px;}<\/style><\/div><\/p>\n","protected":false},"excerpt":{"rendered":"","protected":false},"author":1,"featured_media":0,"parent":0,"menu_order":0,"comment_status":"closed","ping_status":"closed","template":"","meta":{"footnotes":""},"class_list":["post-917","page","type-page","status-publish","hentry"],"_links":{"self":[{"href":"https:\/\/aifec.eu\/congreso2023\/index.php?rest_route=\/wp\/v2\/pages\/917","targetHints":{"allow":["GET"]}}],"collection":[{"href":"https:\/\/aifec.eu\/congreso2023\/index.php?rest_route=\/wp\/v2\/pages"}],"about":[{"href":"https:\/\/aifec.eu\/congreso2023\/index.php?rest_route=\/wp\/v2\/types\/page"}],"author":[{"embeddable":true,"href":"https:\/\/aifec.eu\/congreso2023\/index.php?rest_route=\/wp\/v2\/users\/1"}],"replies":[{"embeddable":true,"href":"https:\/\/aifec.eu\/congreso2023\/index.php?rest_route=%2Fwp%2Fv2%2Fcomments&post=917"}],"version-history":[{"count":9,"href":"https:\/\/aifec.eu\/congreso2023\/index.php?rest_route=\/wp\/v2\/pages\/917\/revisions"}],"predecessor-version":[{"id":1335,"href":"https:\/\/aifec.eu\/congreso2023\/index.php?rest_route=\/wp\/v2\/pages\/917\/revisions\/1335"}],"wp:attachment":[{"href":"https:\/\/aifec.eu\/congreso2023\/index.php?rest_route=%2Fwp%2Fv2%2Fmedia&parent=917"}],"curies":[{"name":"wp","href":"https:\/\/api.w.org\/{rel}","templated":true}]}}