{"id":403,"date":"2022-03-23T09:47:17","date_gmt":"2022-03-23T09:47:17","guid":{"rendered":"https:\/\/aifec.eu\/congreso2023\/?page_id=403"},"modified":"2023-03-16T09:42:29","modified_gmt":"2023-03-16T09:42:29","slug":"jornada-networking","status":"publish","type":"page","link":"https:\/\/aifec.eu\/congreso2023\/?page_id=403","title":{"rendered":"Jornada Networking"},"content":{"rendered":"<div class=\"fusion-fullwidth fullwidth-box fusion-builder-row-1 fusion-flex-container nonhundred-percent-fullwidth non-hundred-percent-height-scrolling\" style=\"background-color: rgba(255,255,255,0);background-position: center center;background-repeat: repeat;border-width: 0px 0px 0px 0px;border-color:#e2e2e2;border-style:solid;\" ><div class=\"fusion-builder-row fusion-row fusion-flex-align-items-center fusion-flex-justify-content-center\" style=\"max-width:1248px;margin-left: calc(-4% \/ 2 );margin-right: calc(-4% \/ 2 );\"><div class=\"fusion-layout-column fusion_builder_column fusion-builder-column-0 fusion_builder_column_1_1 1_1 fusion-flex-column fusion-animated\" data-animationType=\"fadeInLeft\" data-animationDuration=\"1.0\" data-animationOffset=\"100%\"><div class=\"fusion-column-wrapper fusion-flex-justify-content-center fusion-content-layout-column\" style=\"background-position:left top;background-repeat:no-repeat;-webkit-background-size:cover;-moz-background-size:cover;-o-background-size:cover;background-size:cover;padding: 0px 0px 0px 0px;\"><div class=\"fusion-text fusion-text-1\" style=\"font-size:20px;line-height:30px;font-family:&quot;var(--awb-typography3-font-family)&quot;;font-weight:var(--awb-typography3);transform:translate3d(0,0,0);\"><p>S\u00e1bado, 27 de mayo<\/p>\n<\/div><div class=\"fusion-text fusion-text-2\" style=\"transform:translate3d(0,0,0);\"><h3 class=\"fusion-responsive-typography-calculated\" style=\"--fontsize: 32; line-height: 1.3;\" data-fontsize=\"32\" data-lineheight=\"41.6px\">Desierto Agafay<\/h3>\n<p>Salida desde el hotel hacia el desierto de Agafay , en donde un campamento de Jaimas muy exclusivo. El grupo tendr\u00e1 tiempo libre para disfrutar de la piscina con vistas al Atlas y pasar el rato realizando varias actividades en el desierto. Ofreceremos una variedad de actividades como paseo en dromedario, circuito de quads, taller de cer\u00e1mica, t\u00e9 marroqu\u00ed, taller de caligraf\u00eda oriental, taller de danza oriental y un taller de colocaci\u00f3n del turbante Touareg.\u00a0<\/p>\n<p><strong>Duraci\u00f3n<\/strong>: 3h aprox<\/p>\n<p style=\"text-align: center;\">Actividades patrocinadas por la empresa ADESTOR:<\/p>\n<p><img decoding=\"async\" class=\"wp-image-514 aligncenter\" src=\"https:\/\/aifec.eu\/congreso2023\/wp-content\/uploads\/2022\/03\/ADESTOR-1.jpg\" alt=\"\" width=\"215\" height=\"44\" srcset=\"https:\/\/aifec.eu\/congreso2023\/wp-content\/uploads\/2022\/03\/ADESTOR-1-200x41.jpg 200w, https:\/\/aifec.eu\/congreso2023\/wp-content\/uploads\/2022\/03\/ADESTOR-1-300x61.jpg 300w, https:\/\/aifec.eu\/congreso2023\/wp-content\/uploads\/2022\/03\/ADESTOR-1-400x81.jpg 400w, https:\/\/aifec.eu\/congreso2023\/wp-content\/uploads\/2022\/03\/ADESTOR-1-600x122.jpg 600w, https:\/\/aifec.eu\/congreso2023\/wp-content\/uploads\/2022\/03\/ADESTOR-1-768x156.jpg 768w, https:\/\/aifec.eu\/congreso2023\/wp-content\/uploads\/2022\/03\/ADESTOR-1-800x163.jpg 800w, https:\/\/aifec.eu\/congreso2023\/wp-content\/uploads\/2022\/03\/ADESTOR-1.jpg 879w\" sizes=\"(max-width: 215px) 100vw, 215px\" \/><\/p>\n<\/div><\/div><\/div><style type=\"text\/css\">.fusion-body .fusion-builder-column-0{width:100% !important;margin-top : 0px;margin-bottom : 20px;}.fusion-builder-column-0 > .fusion-column-wrapper {padding-top : 0px !important;padding-right : 0px !important;margin-right : 3.84%;padding-bottom : 0px !important;padding-left : 0px !important;margin-left : 1.92%;}@media only screen and (max-width:1024px) {.fusion-body .fusion-builder-column-0{width:40% !important;}.fusion-builder-column-0 > .fusion-column-wrapper {margin-right : 0%;margin-left : 9.6%;}}@media only screen and (max-width:640px) {.fusion-body .fusion-builder-column-0{width:100% !important;order : 0;margin-top : 0px;}.fusion-builder-column-0 > .fusion-column-wrapper {margin-right : 0%;margin-left : 3.84%;}}<\/style><div class=\"fusion-layout-column fusion_builder_column fusion-builder-column-1 fusion_builder_column_1_1 1_1 fusion-flex-column fusion-animated\" data-animationType=\"fadeInLeft\" data-animationDuration=\"1.0\" data-animationOffset=\"100%\"><div class=\"fusion-column-wrapper fusion-flex-justify-content-center fusion-content-layout-column\" style=\"background-position:left top;background-repeat:no-repeat;-webkit-background-size:cover;-moz-background-size:cover;-o-background-size:cover;background-size:cover;padding: 0px 0px 0px 0px;\"><div class=\"fusion-slider-sc\"><div class=\"fusion-flexslider-loading flexslider flexslider-hover-type-none\" data-slideshow_autoplay=\"1\" data-slideshow_smooth_height=\"0\" data-slideshow_speed=\"7000\" style=\"max-width:100%;height:100%;\"><ul class=\"slides\"><li class=\"image\"><span class=\"fusion-image-hover-element hover-type-none\"><img decoding=\"async\" src=\"https:\/\/aifec.eu\/congreso2023\/wp-content\/uploads\/2023\/01\/desierto-agafay-atardecer.jpg\" width=\"1200\" height=\"800\" class=\"wp-image-1097\" srcset=\"https:\/\/aifec.eu\/congreso2023\/wp-content\/uploads\/2023\/01\/desierto-agafay-atardecer-200x133.jpg 200w, https:\/\/aifec.eu\/congreso2023\/wp-content\/uploads\/2023\/01\/desierto-agafay-atardecer-400x267.jpg 400w, https:\/\/aifec.eu\/congreso2023\/wp-content\/uploads\/2023\/01\/desierto-agafay-atardecer-600x400.jpg 600w, https:\/\/aifec.eu\/congreso2023\/wp-content\/uploads\/2023\/01\/desierto-agafay-atardecer-800x533.jpg 800w, https:\/\/aifec.eu\/congreso2023\/wp-content\/uploads\/2023\/01\/desierto-agafay-atardecer.jpg 1200w\" sizes=\"(max-width: 640px) 100vw, 1200px\" \/><\/span><\/li><li class=\"image\"><span class=\"fusion-image-hover-element hover-type-none\"><img decoding=\"async\" src=\"https:\/\/aifec.eu\/congreso2023\/wp-content\/uploads\/2023\/02\/7.png\" width=\"1618\" height=\"1080\" class=\"wp-image-1204\" srcset=\"https:\/\/aifec.eu\/congreso2023\/wp-content\/uploads\/2023\/02\/7-200x133.png 200w, https:\/\/aifec.eu\/congreso2023\/wp-content\/uploads\/2023\/02\/7-400x267.png 400w, https:\/\/aifec.eu\/congreso2023\/wp-content\/uploads\/2023\/02\/7-600x400.png 600w, https:\/\/aifec.eu\/congreso2023\/wp-content\/uploads\/2023\/02\/7-800x534.png 800w, https:\/\/aifec.eu\/congreso2023\/wp-content\/uploads\/2023\/02\/7-1200x801.png 1200w, https:\/\/aifec.eu\/congreso2023\/wp-content\/uploads\/2023\/02\/7.png 1618w\" sizes=\"(max-width: 640px) 100vw, 1200px\" \/><\/span><\/li><li class=\"image\"><span class=\"fusion-image-hover-element hover-type-none\"><img decoding=\"async\" src=\"https:\/\/aifec.eu\/congreso2023\/wp-content\/uploads\/2023\/02\/6.png\" width=\"1618\" height=\"1080\" class=\"wp-image-1205\" srcset=\"https:\/\/aifec.eu\/congreso2023\/wp-content\/uploads\/2023\/02\/6-200x133.png 200w, https:\/\/aifec.eu\/congreso2023\/wp-content\/uploads\/2023\/02\/6-400x267.png 400w, https:\/\/aifec.eu\/congreso2023\/wp-content\/uploads\/2023\/02\/6-600x400.png 600w, https:\/\/aifec.eu\/congreso2023\/wp-content\/uploads\/2023\/02\/6-800x534.png 800w, https:\/\/aifec.eu\/congreso2023\/wp-content\/uploads\/2023\/02\/6-1200x801.png 1200w, https:\/\/aifec.eu\/congreso2023\/wp-content\/uploads\/2023\/02\/6.png 1618w\" sizes=\"(max-width: 640px) 100vw, 1200px\" \/><\/span><\/li><li class=\"image\"><span class=\"fusion-image-hover-element hover-type-none\"><img decoding=\"async\" src=\"https:\/\/aifec.eu\/congreso2023\/wp-content\/uploads\/2023\/02\/9.png\" width=\"1618\" height=\"1080\" class=\"wp-image-1224\" srcset=\"https:\/\/aifec.eu\/congreso2023\/wp-content\/uploads\/2023\/02\/9-200x133.png 200w, https:\/\/aifec.eu\/congreso2023\/wp-content\/uploads\/2023\/02\/9-400x267.png 400w, https:\/\/aifec.eu\/congreso2023\/wp-content\/uploads\/2023\/02\/9-600x400.png 600w, https:\/\/aifec.eu\/congreso2023\/wp-content\/uploads\/2023\/02\/9-800x534.png 800w, https:\/\/aifec.eu\/congreso2023\/wp-content\/uploads\/2023\/02\/9-1200x801.png 1200w, https:\/\/aifec.eu\/congreso2023\/wp-content\/uploads\/2023\/02\/9.png 1618w\" sizes=\"(max-width: 640px) 100vw, 1200px\" \/><\/span><\/li><li class=\"image\"><span class=\"fusion-image-hover-element hover-type-none\"><img decoding=\"async\" src=\"https:\/\/aifec.eu\/congreso2023\/wp-content\/uploads\/2023\/02\/8.png\" width=\"1618\" height=\"1080\" class=\"wp-image-1225\" srcset=\"https:\/\/aifec.eu\/congreso2023\/wp-content\/uploads\/2023\/02\/8-200x133.png 200w, https:\/\/aifec.eu\/congreso2023\/wp-content\/uploads\/2023\/02\/8-400x267.png 400w, https:\/\/aifec.eu\/congreso2023\/wp-content\/uploads\/2023\/02\/8-600x400.png 600w, https:\/\/aifec.eu\/congreso2023\/wp-content\/uploads\/2023\/02\/8-800x534.png 800w, https:\/\/aifec.eu\/congreso2023\/wp-content\/uploads\/2023\/02\/8-1200x801.png 1200w, https:\/\/aifec.eu\/congreso2023\/wp-content\/uploads\/2023\/02\/8.png 1618w\" sizes=\"(max-width: 640px) 100vw, 1200px\" \/><\/span><\/li><\/ul><\/div><\/div><\/div><\/div><style type=\"text\/css\">.fusion-body .fusion-builder-column-1{width:100% !important;margin-top : 0px;margin-bottom : 20px;}.fusion-builder-column-1 > .fusion-column-wrapper {padding-top : 0px !important;padding-right : 0px !important;margin-right : 3.84%;padding-bottom : 0px !important;padding-left : 0px !important;margin-left : 1.92%;}@media only screen and (max-width:1024px) {.fusion-body .fusion-builder-column-1{width:40% !important;}.fusion-builder-column-1 > .fusion-column-wrapper {margin-right : 0%;margin-left : 9.6%;}}@media only screen and (max-width:640px) {.fusion-body .fusion-builder-column-1{width:100% !important;order : 1;margin-top : 0px;}.fusion-builder-column-1 > .fusion-column-wrapper {margin-right : 0%;margin-left : 3.84%;}}<\/style><\/div><style type=\"text\/css\">.fusion-body .fusion-flex-container.fusion-builder-row-1{ padding-top : 4%;margin-top : 0px;padding-right : 0px;padding-bottom : 4%;margin-bottom : 0px;padding-left : 0px;}<\/style><\/div>\n","protected":false},"excerpt":{"rendered":"","protected":false},"author":1,"featured_media":0,"parent":0,"menu_order":0,"comment_status":"closed","ping_status":"closed","template":"100-width.php","meta":{"footnotes":""},"class_list":["post-403","page","type-page","status-publish","hentry"],"_links":{"self":[{"href":"https:\/\/aifec.eu\/congreso2023\/index.php?rest_route=\/wp\/v2\/pages\/403","targetHints":{"allow":["GET"]}}],"collection":[{"href":"https:\/\/aifec.eu\/congreso2023\/index.php?rest_route=\/wp\/v2\/pages"}],"about":[{"href":"https:\/\/aifec.eu\/congreso2023\/index.php?rest_route=\/wp\/v2\/types\/page"}],"author":[{"embeddable":true,"href":"https:\/\/aifec.eu\/congreso2023\/index.php?rest_route=\/wp\/v2\/users\/1"}],"replies":[{"embeddable":true,"href":"https:\/\/aifec.eu\/congreso2023\/index.php?rest_route=%2Fwp%2Fv2%2Fcomments&post=403"}],"version-history":[{"count":57,"href":"https:\/\/aifec.eu\/congreso2023\/index.php?rest_route=\/wp\/v2\/pages\/403\/revisions"}],"predecessor-version":[{"id":1485,"href":"https:\/\/aifec.eu\/congreso2023\/index.php?rest_route=\/wp\/v2\/pages\/403\/revisions\/1485"}],"wp:attachment":[{"href":"https:\/\/aifec.eu\/congreso2023\/index.php?rest_route=%2Fwp%2Fv2%2Fmedia&parent=403"}],"curies":[{"name":"wp","href":"https:\/\/api.w.org\/{rel}","templated":true}]}}